Back to the "Multiple platform build/check report"
| Package 89/205 | OS | Arch | BUILD | CHECK | BUILD BIN |
hopach1.7.0Katherine S. Pollard | Linux (SUSE 9.2) | x86_64 | OK | [ WARNINGS ] | |
| Linux (SUSE 9.2) | i686 | OK | WARNINGS | ||
| Solaris 2.9 | sparc | OK | WARNINGS | ||
| Linux (SUSE 10.0) | x86_64 | OK | WARNINGS | ||
| Windows Server 2003 | x86_64 | OK | WARNINGS | OK | |
| Windows XP | i686 | OK | WARNINGS | skipped | |
| Mac OS X (10.4.6) | i686 | OK | WARNINGS |
| Package: hopach |
| Version: 1.7.0 |
| Command: /loc/biocbuild/1.9d/R/bin/R CMD check hopach_1.7.0.tar.gz |
| RetCode: 0 |
| Time: 225.0 seconds |
| Status: WARNINGS |
| CheckDir: hopach.Rcheck |
| Warnings: 1 |
* checking for working latex ... OK * using log directory '/loc/biocbuild/1.9d/Rpacks/hopach.Rcheck' * using R version 2.4.0 alpha (2006-09-10 r39242) * checking for file 'hopach/DESCRIPTION' ... OK * this is package 'hopach' version '1.7.0' * checking package dependencies ... OK * checking if this is a source package ... OK * checking whether package 'hopach' can be installed ... WARNING Found the following significant warnings: Warning: file 'golub.RData' has magic number 'RDA1' * checking package directory ... OK * checking for portable file names ... OK * checking for sufficient/correct file permissions ... OK * checking DESCRIPTION meta-information ... OK * checking top-level files ... OK * checking index information ... OK * checking package subdirectories ... OK * checking R files for syntax errors ... OK * checking R files for non-ASCII characters ... OK * checking whether the package can be loaded ... OK * checking whether the package can be loaded with stated dependencies ... OK * checking S3 generic/method consistency ... OK * checking replacement functions ... OK * checking foreign function calls ... OK * checking R code for possible problems ... OK * checking Rd files ... OK * checking Rd cross-references ... OK * checking for missing documentation entries ... OK * checking for code/documentation mismatches ... OK * checking Rd \usage sections ... OK * creating hopach-Ex.R ... OK * checking examples ... OK * checking package vignettes in 'inst/doc' ... OK * creating hopach-manual.tex ... OK * checking hopach-manual.tex ... OK WARNING: There was 1 warning, see /loc/biocbuild/1.9d/Rpacks/hopach.Rcheck/00check.log for details
hopach.Rcheck/00install.out:
* Installing *source* package 'hopach' ...
** R
** data
** inst
** preparing package for lazy loading
Loading required package: cluster
Loading required package: Biobase
Loading required package: tools
Welcome to Bioconductor
Vignettes contain introductory material. To view, type
'openVignette()' or start with 'help(Biobase)'. For details
on reading vignettes, see the openVignette help page.
** help
>>> Building/Updating help pages for package 'hopach'
Formats: text html latex example
boot2fuzzy text html latex example
bootplot text html latex example
bootstrap text html latex example
correlationordering text html latex example
disscosangle text html latex example
distancematrix text html latex example
dplot text html latex example
golub text html latex
hopach text html latex example
hopach.internal text html latex example
hopach2tree text html latex example
labelstomss text html latex example
makeoutput text html latex example
prune text html latex example
** building package indices ...
Warning: file 'golub.RData' has magic number 'RDA1'
Use of save versions prior to 2 is deprecated
* DONE (hopach)