* checking for file 'cellHTS/DESCRIPTION' ... OK
* preparing 'cellHTS':
* checking DESCRIPTION meta-information ... OK
* installing the package to re-build vignettes
* Installing *source* package 'cellHTS' ...
** R
** data
** inst
** preparing package for lazy loading
Loading required package: prada
Loading required package: Biobase
Loading required package: tools
Welcome to Bioconductor
Vignettes contain introductory material. To view, type
'openVignette()' or start with 'help(Biobase)'. For details
on reading vignettes, see the openVignette help page.
Loading required package: RColorBrewer
Loading required package: grid
KernSmooth 2.22 installed
Copyright M. P. Wand 1997
Loading required package: RColorBrewer
Loading required package: Biobase
Loading required package: genefilter
Loading required package: survival
Loading required package: splines
** help
>>> Building/Updating help pages for package 'cellHTS'
Formats: text html latex example
Bscore text html latex example
ROC text html latex example
annotate text html latex example
bdgpbiomart text html latex example
configure text html latex example
getLibraryPlate text html latex example
getMatrix text html latex example
imageScreen text html latex example
normalizeChannels text html latex example
normalizePlates text html latex example
oneRowPerId text html latex example
plotPlateLibrary text html latex example
plotSpatialEffects text html latex example
print.cellHTS text html latex example
readPlateData text html latex example
summarizeReplicates text html latex example
write.tabdel text html latex example
writeReport text html latex example
writeTab text html latex example
** building package indices ...
* DONE (cellHTS)
* creating vignettes ... ERROR
Welcome to Bioconductor
Vignettes contain introductory material. To view, type
'openVignette()' or start with 'help(Biobase)'. For details
on reading vignettes, see the openVignette help page.
Warning message:
unable to open connection to X11 display ''
Error: chunk 28 (label=writeReport2)
Error in X11(paste("png::", filename, sep = ""), width, height, pointsize, :
unable to start device PNG
recover called non-interactively; frames dumped, use debugger() to view
Error in buildVignettes(dir = ".") : Error: chunk 28 (label=writeReport2)
Error in X11(paste("png::", filename, sep = ""), width, height, pointsize, :
unable to start device PNG
recover called non-interactively; frames dumped, use debugger() to view