1.5.2V. Carey | Linux (SUSE 9.2) | x86_64 | ERROR | skipped | |
Linux (SUSE 9.2) | i686 | ERROR | skipped | |
Solaris 2.9 | sparc | OK | [ ERROR ] | |
Linux (SUSE 10.0) | x86_64 | ERROR | skipped | |
Windows Server 2003 | x86_64 | ERROR | skipped | skipped |
Windows XP | i686 | ERROR | skipped | skipped |
Mac OS X (10.4.6) | i686 | ERROR | skipped | |
* checking for working latex ... OK
* using log directory '/loc/biocbuild/1.9d/Rpacks/MLInterfaces.Rcheck'
* using R version 2.4.0 Under development (unstable) (2006-07-18 r38641)
* checking for file 'MLInterfaces/DESCRIPTION' ... OK
* this is package 'MLInterfaces' version '1.5.2'
* checking package dependencies ... ERROR
Packages required but not available:
gbm