Back to the "Multiple platform build/check report"
Package 143/187 | OS | Arch | BUILD | CHECK | BUILD BIN |
RdbiPgSQL1.7.0Jianhua Zhang | Linux (SUSE 9.2) | x86_64 | OK | OK | |
Linux (SUSE 9.2) | i686 | OK | OK | ||
Solaris 2.9 | sparc | OK | ERROR | ||
Linux (SUSE 10.0) | x86_64 | OK | OK | ||
Windows Server 2003 | x86_64 | OK | [ ERROR ] | ERROR |
Package: RdbiPgSQL |
Version: 1.7.0 |
Command: D:\biocbld\1.9d\R\bin\R.exe CMD check RdbiPgSQL_1.7.0.tar.gz |
RetCode: 1 |
Time: 7.5 seconds |
Status: ERROR |
CheckDir: RdbiPgSQL.Rcheck |
Warnings: NA |
* checking for working latex ... OK * using log directory 'D:/biocbld/1.9d/Rpacks/RdbiPgSQL.Rcheck' * using R version 2.4.0 Under development (unstable) (2006-06-04 r38279) * checking for file 'RdbiPgSQL/DESCRIPTION' ... OK * this is package 'RdbiPgSQL' version '1.7.0' * checking package dependencies ... OK * checking if this is a source package ... OK * checking whether package 'RdbiPgSQL' can be installed ... ERROR Installation failed. See 'D:/biocbld/1.9d/Rpacks/RdbiPgSQL.Rcheck/00install.out' for details.
RdbiPgSQL.Rcheck/00install.out:
installing R.css in D:/biocbld/1.9d/Rpacks/RdbiPgSQL.Rcheck ---------- Making package RdbiPgSQL ------------ ********************************************** WARNING: this package has a configure script It probably needs manual configuration ********************************************** adding build stamp to DESCRIPTION installing NAMESPACE file and metadata making DLL ... making PgSQL.d from PgSQL.c PgSQL.c:10:22: libpq-fe.h: No such file or directory make[3]: *** [PgSQL.d] Error 1 make[2]: *** [srcDynlib] Error 2 make[1]: *** [all] Error 2 make: *** [pkg-RdbiPgSQL] Error 2 *** Installation of RdbiPgSQL failed *** Removing 'D:/biocbld/1.9d/Rpacks/RdbiPgSQL.Rcheck/RdbiPgSQL'