Back to the "Multiple platform build/check report"
Package 92/172 | OS | Arch | BUILD | CHECK | BUILD BIN |
maDB1.4.0Johannes Rainer | Linux (SUSE 9.2) | x86_64 | OK | OK | |
Linux (SUSE 9.2) | i686 | OK | OK | ||
Solaris 2.9 | sparc | OK | OK | ||
Linux (SUSE 10.0) | x86_64 | OK | OK | ||
Windows Server 2003 | x86_64 | OK | [ ERROR ] | ERROR |
Package: maDB |
Version: 1.4.0 |
Command: D:\biocbld\1.8d\R\bin\R.exe CMD check maDB_1.4.0.tar.gz |
RetCode: 1 |
Time: 5.5 seconds |
Status: ERROR |
CheckDir: maDB.Rcheck |
Warnings: NA |
* checking for working latex ... OK * using log directory 'D:/biocbld/1.8d/Rpacks/maDB.Rcheck' * using Version 2.3.1 (2006-06-01) * checking for file 'maDB/DESCRIPTION' ... OK * this is package 'maDB' version '1.4.0' * checking package dependencies ... ERROR Packages required but not available: pgUtils