##############################################################################
##############################################################################
###
### Running command:
###
###   /Library/Frameworks/R.framework/Resources/bin/R CMD build --keep-empty-dirs --no-resave-data dce
###
##############################################################################
##############################################################################


* checking for file ‘dce/DESCRIPTION’ ... OK
* preparing ‘dce’:
* checking DESCRIPTION meta-information ... OK
* installing the package to build vignettes
* creating vignettes ... ERROR
--- re-building ‘dce.Rmd’ using rmarkdown
2024-11-19 16:32:30.457 R[8833:454165902] XType: com.apple.fonts is not accessible.
2024-11-19 16:32:30.458 R[8833:454165902] XType: XTFontStaticRegistry is enabled.
INFO [2024-11-19 16:33:42] Processing kegg

Quitting from lines 242-243 [unnamed-chunk-16] (dce.Rmd)
Error: processing vignette 'dce.Rmd' failed with diagnostics:
Not all nodes have expression vector in WT data
--- failed re-building ‘dce.Rmd’

--- re-building ‘pathway_databases.Rmd’ using rmarkdown
INFO [2024-11-19 16:33:52] Processing pathbank
INFO [2024-11-19 16:34:15] Processing kegg
--- finished re-building ‘pathway_databases.Rmd’

SUMMARY: processing the following file failed:
  ‘dce.Rmd’

Error: Vignette re-building failed.
Execution halted