############################################################################## ############################################################################## ### ### Running command: ### ### /home/biocbuild/R/R/bin/R CMD build --keep-empty-dirs --no-resave-data TCGAutils ### ############################################################################## ############################################################################## * checking for file ‘TCGAutils/DESCRIPTION’ ... OK * preparing ‘TCGAutils’: * checking DESCRIPTION meta-information ... OK * installing the package to build vignettes * creating vignettes ... ERROR --- re-building ‘TCGAutils.Rmd’ using rmarkdown Quitting from TCGAutils.Rmd:73-78 [unnamed-chunk-5] ~~~~~~~~~~~~~~~~~~~~~~~~~~~~~~~~~~~~~~~~~~~~~~~~~~~~~~~~~~~~~~~~~~~~~~~~~~~~~~~~ Error in `rhdf5::H5Fopen()`: ! HDF5. File accessibility. Unable to open file. --- Backtrace: ▆ 1. └─curatedTCGAData::curatedTCGAData(...) 2. └─curatedTCGAData:::.getResources(...) 3. └─curatedTCGAData:::.loadMethyl(...) 4. └─base::lapply(...) 5. └─curatedTCGAData (local) FUN(X[[i]], ...) 6. └─HDF5Array::HDF5Array(assaydat, "assay001") 7. └─HDF5Array::HDF5ArraySeed(...) 8. └─h5mread::h5dim(filepath, name) 9. └─h5mread:::.get_h5dataset(filepath, name) 10. └─h5mread:::.H5Fopen(filepath, flags = "H5F_ACC_RDONLY") 11. ├─base::suppressMessages(rhdf5::H5Fopen(name, flags = flags, fapl = fapl)) 12. │ └─base::withCallingHandlers(...) 13. └─rhdf5::H5Fopen(name, flags = flags, fapl = fapl) ~~~~~~~~~~~~~~~~~~~~~~~~~~~~~~~~~~~~~~~~~~~~~~~~~~~~~~~~~~~~~~~~~~~~~~~~~~~~~~~~ Error: processing vignette 'TCGAutils.Rmd' failed with diagnostics: HDF5. File accessibility. Unable to open file. --- failed re-building ‘TCGAutils.Rmd’ SUMMARY: processing the following file failed: ‘TCGAutils.Rmd’ Error: Vignette re-building failed. Execution halted