##############################################################################
##############################################################################
###
### Running command:
###
### /home/biocbuild/bbs-3.21-bioc/R/bin/R CMD build --keep-empty-dirs --no-resave-data BiocBookDemo
###
##############################################################################
##############################################################################
* checking for file ‘BiocBookDemo/DESCRIPTION’ ... OK
* preparing ‘BiocBookDemo’:
* checking DESCRIPTION meta-information ... OK
* installing the package to build vignettes
* creating vignettes ... ERROR
--- re-building ‘stub.Rmd’ using rmarkdown
[WARNING] This document format requires a nonempty
element.
Please specify either 'title' or 'pagetitle' in the metadata,
e.g. by using --metadata pagetitle="..." on the command line.
Falling back to 'stub.knit'
--- finished re-building ‘stub.Rmd’
quarto render ../inst/
[1m[34m
[1/6] index.qmd[39m[22m
[31m
processing file: index.qmd
[39m1/9
2/9 [intro]
3/9
4/9 [docker]
5/9
6/9 [rstudio]
7/9
8/9 [session info]
9/9
[31moutput file: index.knit.md
[39m[31m
processing file: index.qmd
[39m1/9
2/9 [intro]
3/9
4/9 [docker]
5/9
6/9 [rstudio]
7/9
8/9 [session info]
9/9
[31moutput file: index.knit.md
[39m[1m[34m
[2/6] pages/preamble.qmd[39m[22m
[1m[34m
[3/6] pages/Chapter-1.qmd[39m[22m
[31m
processing file: Chapter-1.qmd
[39m1/7
2/7 [unnamed-chunk-1]
3/7
4/7 [unnamed-chunk-2]
5/7
6/7 [unnamed-chunk-3]
7/7
[31moutput file: Chapter-1.knit.md
[39m[31m
processing file: Chapter-1.qmd
[39m1/7
2/7 [unnamed-chunk-1]
3/7
4/7 [unnamed-chunk-2]
5/7
6/7 [unnamed-chunk-3]
7/7
[31moutput file: Chapter-1.knit.md
[39m[1m[34m
[4/6] pages/Chapter-2.qmd[39m[22m
[31m
processing file: Chapter-2.qmd
[39m1/31
2/31 [unnamed-chunk-1]
3/31
4/31 [unnamed-chunk-2]
5/31
6/31 [unnamed-chunk-3]
7/31
8/31 [unnamed-chunk-4]
9/31
10/31 [unnamed-chunk-5]
11/31
12/31 [unnamed-chunk-6]
13/31
14/31 [unnamed-chunk-7]
15/31
16/31 [unnamed-chunk-8]
17/31
18/31 [unnamed-chunk-9]
19/31
20/31 [unnamed-chunk-10]
21/31
22/31 [unnamed-chunk-11]
23/31
24/31 [unnamed-chunk-12]
[31mrunning: sh -c 'find ../ -name "*.qmd"'
[39m25/31
26/31 [unnamed-chunk-13]
27/31
28/31 [unnamed-chunk-14]
29/31
30/31 [unnamed-chunk-15]
31/31
[31moutput file: Chapter-2.knit.md
[39m[31mWarning messages:
1: [39m[31mIn get_engine(options$engine) :
Unknown language engine 'txt' (must be registered via knit_engines$set()).
2: In get_engine(options$engine) :
Unknown language engine 'txt' (must be registered via knit_engines$set()).
[39m[31m
processing file: Chapter-2.qmd
[39m1/31
2/31 [unnamed-chunk-1]
3/31
4/31 [unnamed-chunk-2]
5/31
6/31 [unnamed-chunk-3]
7/31
8/31 [unnamed-chunk-4]
9/31
10/31 [unnamed-chunk-5]
11/31
12/31 [unnamed-chunk-6]
13/31
14/31 [unnamed-chunk-7]
15/31
16/31 [unnamed-chunk-8]
17/31
18/31 [unnamed-chunk-9]
19/31
20/31 [unnamed-chunk-10]
21/31
22/31 [unnamed-chunk-11]
23/31
24/31 [unnamed-chunk-12]
[31mrunning: sh -c 'find ../ -name "*.qmd"'
[39m25/31
26/31 [unnamed-chunk-13]
27/31
28/31 [unnamed-chunk-14]
29/31
30/31 [unnamed-chunk-15]
31/31
[31moutput file: Chapter-2.knit.md
[39m[31mWarning messages:
1: In get_engine(options$engine) :
Unknown language engine 'txt' (must be registered via knit_engines$set()).
[39m[31m2: In get_engine(options$engine) :
Unknown language engine 'txt' (must be registered via knit_engines$set()).
[39m[1m[34m
[5/6] pages/Chapter-3.qmd[39m[22m
[31m
processing file: Chapter-3.qmd
[39m1/15
2/15 [unnamed-chunk-1]
3/15
4/15 [unnamed-chunk-2]
5/15
6/15 [unnamed-chunk-3]
7/15
8/15 [unnamed-chunk-4]
9/15
10/15 [unnamed-chunk-5]
11/15
12/15 [unnamed-chunk-6]
13/15
14/15 [unnamed-chunk-7]
15/15
[31moutput file: Chapter-3.knit.md
[39m[31m
processing file: Chapter-3.qmd
[39m1/15
2/15 [unnamed-chunk-1]
3/15
4/15 [unnamed-chunk-2]
5/15
6/15 [unnamed-chunk-3]
7/15
8/15 [unnamed-chunk-4]
9/15
10/15 [unnamed-chunk-5]
11/15
12/15 [unnamed-chunk-6]
13/15
14/15 [unnamed-chunk-7]
15/15
[31moutput file: Chapter-3.knit.md
[39m[1m[34m
[6/6] pages/biocbook-vs-rebook.qmd[39m[22m
[31m
processing file: biocbook-vs-rebook.qmd
[39m1/7
2/7 [unnamed-chunk-1]
3/7
4/7 [unnamed-chunk-2]
5/7
6/7 [unnamed-chunk-3]
7/7
[31moutput file: biocbook-vs-rebook.knit.md
[39m[31m
processing file: biocbook-vs-rebook.qmd
[39m1/7
2/7 [unnamed-chunk-1]
3/7
4/7 [unnamed-chunk-2]
5/7
6/7 [unnamed-chunk-3]
7/7
[31moutput file: biocbook-vs-rebook.knit.md
[39m
[1mpandoc [22m
to: latex
output-file: index.tex
standalone: true
toc: true
number-sections: true
top-level-division: chapter
pdf-engine: xelatex
variables:
graphics: true
tables: true
default-image-extension: pdf
[1mmetadata[22m
crossref:
chapters: true
documentclass: scrreprt
papersize: letter
classoption:
- DIV=11
- numbers=noendperiod
header-includes:
- '\KOMAoption{captions}{tableheading}'
block-headings: true
knitr:
opts_chunk:
collapse: true
comment: '## '
cache: false
fig.align: center
python.reticulate: false
R.options:
dplyr.print_min: 6
dplyr.print_max: 6
pillar.max_footer_lines: 2
pillar.min_chars: 15
stringr.view_n: 6
pillar.bold: true
width: 77
title: Write Quarto books with Bioconductor
[1m[34m
Rendering PDF[39m[22m
[1m[34mrunning xelatex - 1[39m[22m
[1m[34mcommand xelatex not found, attempting install[39m[22m
[1m[34mfinding package for xelatex[39m[22m
[1m[34m> 1 package to install[39m[22m
[1m[34m> installing xelatex (1 of 1)[39m[22m
[91mERROR: tlmgr returned a non zero status code
TLPDB: not a directory, not loading: /home/biocbuild/texmf
tlmgr: user mode not initialized, please read the documentation!
Stack trace:
TLPDB: not a directory, not loading: /home/biocbuild/texmf
tlmgr: user mode not initialized, please read the documentation!
at Object.onComplete (file:///opt/quarto/bin/quarto.js:92847:64)
at eventLoopTick (ext:core/01_core.js:153:7)
at async renderFiles (file:///opt/quarto/bin/quarto.js:78077:16)
at async renderProject (file:///opt/quarto/bin/quarto.js:78479:25)
at async Command.actionHandler (file:///opt/quarto/bin/quarto.js:83077:32)
at async Command.execute (file:///opt/quarto/bin/quarto.js:8017:13)
at async Command.parseCommand (file:///opt/quarto/bin/quarto.js:7907:20)
at async quarto (file:///opt/quarto/bin/quarto.js:118224:9)
at async file:///opt/quarto/bin/quarto.js:118244:9
at async mainRunner (file:///opt/quarto/bin/quarto.js:118128:9)[39m
make: *** [Makefile:4: render] Error 1
Error in tools::buildVignettes(dir = ".", tangle = TRUE) :
running 'make' failed
Execution halted