############################################################################## ############################################################################## ### ### Running command: ### ### /home/rapidbuild/bbs-3.21-bioc-rapid/R/bin/R CMD check --install=check:rhdf5.install-out.txt --library=/home/rapidbuild/bbs-3.21-bioc-rapid/R/site-library --timings rhdf5_2.51.2.tar.gz ### ############################################################################## ############################################################################## * using log directory ‘/media/volume/teran2_disk/rapidbuild/bbs-3.21-bioc-rapid/meat/rhdf5.Rcheck’ * using R Under development (unstable) (2025-01-20 r87609) * using platform: x86_64-pc-linux-gnu * R was compiled by gcc (Ubuntu 13.3.0-6ubuntu2~24.04) 13.3.0 GNU Fortran (Ubuntu 13.3.0-6ubuntu2~24.04) 13.3.0 * running under: Ubuntu 24.04.1 LTS * using session charset: UTF-8 * checking for file ‘rhdf5/DESCRIPTION’ ... OK * checking extension type ... Package * this is package ‘rhdf5’ version ‘2.51.2’ * package encoding: UTF-8 * checking package namespace information ... OK * checking package dependencies ... OK * checking if this is a source package ... OK * checking if there is a namespace ... OK * checking for hidden files and directories ... OK * checking for portable file names ... OK * checking for sufficient/correct file permissions ... OK * checking whether package ‘rhdf5’ can be installed ... OK * used C compiler: ‘gcc (Ubuntu 13.3.0-6ubuntu2~24.04) 13.3.0’ * used C++ compiler: ‘g++ (Ubuntu 13.3.0-6ubuntu2~24.04) 13.3.0’ * checking installed package size ... INFO installed size is 13.3Mb sub-directories of 1Mb or more: libs 12.3Mb * checking package directory ... OK * checking ‘build’ directory ... OK * checking DESCRIPTION meta-information ... OK * checking top-level files ... OK * checking for left-over files ... OK * checking index information ... OK * checking package subdirectories ... OK * checking code files for non-ASCII characters ... OK * checking R files for syntax errors ... OK * checking whether the package can be loaded ... OK * checking whether the package can be loaded with stated dependencies ... OK * checking whether the package can be unloaded cleanly ... OK * checking whether the namespace can be loaded with stated dependencies ... OK * checking whether the namespace can be unloaded cleanly ... OK * checking loading without being on the library search path ... OK * checking whether startup messages can be suppressed ... OK * checking dependencies in R code ... OK * checking S3 generic/method consistency ... OK * checking replacement functions ... OK * checking foreign function calls ... OK * checking R code for possible problems ... OK * checking Rd files ... OK * checking Rd metadata ... OK * checking Rd cross-references ... OK * checking for missing documentation entries ... OK * checking for code/documentation mismatches ... OK * checking Rd \usage sections ... OK * checking Rd contents ... OK * checking for unstated dependencies in examples ... OK * checking line endings in shell scripts ... OK * checking line endings in C/C++/Fortran sources/headers ... OK * checking line endings in Makefiles ... OK * checking compilation flags in Makevars ... OK * checking for GNU extensions in Makefiles ... INFO GNU make is a SystemRequirements. * checking for portable use of $(BLAS_LIBS) and $(LAPACK_LIBS) ... OK * checking use of PKG_*FLAGS in Makefiles ... OK * checking compiled code ... WARNING Note: information on .o files is not available File ‘/media/volume/teran2_disk/rapidbuild/bbs-3.21-bioc-rapid/R/site-library/rhdf5/libs/rhdf5.so’: Found ‘__sprintf_chk’, possibly from ‘sprintf’ (C) Found ‘abort’, possibly from ‘abort’ (C) Found ‘rand_r’, possibly from ‘rand_r’ (C) Found ‘stderr’, possibly from ‘stderr’ (C) Found ‘stdout’, possibly from ‘stdout’ (C) Compiled code should not call entry points which might terminate R nor write to stdout/stderr instead of to the console, nor use Fortran I/O nor system RNGs nor [v]sprintf. The detected symbols are linked into the code but might come from libraries and not actually be called. See ‘Writing portable packages’ in the ‘Writing R Extensions’ manual. * checking files in ‘vignettes’ ... OK * checking examples ... OK * checking for unstated dependencies in ‘tests’ ... OK * checking tests ... Running ‘testthat.R’ OK * checking for unstated dependencies in vignettes ... OK * checking package vignettes ... OK * checking re-building of vignette outputs ... ERROR Error(s) in re-building vignettes: --- re-building ‘practical_tips.Rmd’ using rmarkdown The magick package is required to crop "/media/volume/teran2_disk/rapidbuild/bbs-3.21-bioc-rapid/meat/rhdf5.Rcheck/vign_test/rhdf5/vignettes/practical_tips_files/figure-html/unnamed-chunk-2-1.png" but not available. The magick package is required to crop "/media/volume/teran2_disk/rapidbuild/bbs-3.21-bioc-rapid/meat/rhdf5.Rcheck/vign_test/rhdf5/vignettes/practical_tips_files/figure-html/hyperslab-benchmark-1.png" but not available. Quitting from lines 348-359 [run-writing-benchmark] (practical_tips.Rmd) Error: processing vignette 'practical_tips.Rmd' failed with diagnostics: BiocParallel errors 3 remote errors, element index: 2, 5, 9 2 unevaluated and other errors first remote error: Error in H5Fclose(fid): HDF5. Object cache. Internal error detected. --- failed re-building ‘practical_tips.Rmd’ --- re-building ‘rhdf5.Rmd’ using rmarkdown --- finished re-building ‘rhdf5.Rmd’ --- re-building ‘rhdf5_cloud_reading.Rmd’ using rmarkdown --- finished re-building ‘rhdf5_cloud_reading.Rmd’ SUMMARY: processing the following file failed: ‘practical_tips.Rmd’ Error: Vignette re-building failed. Execution halted * checking PDF version of manual ... OK * DONE Status: 1 ERROR, 1 WARNING See ‘/media/volume/teran2_disk/rapidbuild/bbs-3.21-bioc-rapid/meat/rhdf5.Rcheck/00check.log’ for details.