############################################################################## ############################################################################## ### ### Running command: ### ### /home/biocbuild/bbs-3.22-bioc/R/bin/R CMD build --keep-empty-dirs --no-resave-data --md5 qPLEXanalyzer ### ############################################################################## ############################################################################## * checking for file ‘qPLEXanalyzer/DESCRIPTION’ ... OK * preparing ‘qPLEXanalyzer’: * checking DESCRIPTION meta-information ... OK * installing the package to build vignettes * creating vignettes ... ERROR --- re-building ‘qPLEXanalyzer.Rmd’ using rmarkdown Quitting from qPLEXanalyzer.Rmd:427-433 [diffexp] ~~~~~~~~~~~~~~~~~~~~~~~~~~~~~~~~~~~~~~~~~~~~~~~~~~~~~~~~~~~~~~~~~~~~~~~~~~~~~~~~ Error: ! 'DSG.FA - FA' is not a valid contrast. Available contrasts: DSG.FA_vs_FA --- Backtrace: ▆ 1. └─qPLEXanalyzer::getContrastResults(...) 2. └─qPLEXanalyzer:::checkArg_getContrastResults(...) 3. └─assertthat::assert_that(is_validContrast(contrast, diffstats)) ~~~~~~~~~~~~~~~~~~~~~~~~~~~~~~~~~~~~~~~~~~~~~~~~~~~~~~~~~~~~~~~~~~~~~~~~~~~~~~~~ Error: processing vignette 'qPLEXanalyzer.Rmd' failed with diagnostics: 'DSG.FA - FA' is not a valid contrast. Available contrasts: DSG.FA_vs_FA --- failed re-building ‘qPLEXanalyzer.Rmd’ SUMMARY: processing the following file failed: ‘qPLEXanalyzer.Rmd’ Error: Vignette re-building failed. Execution halted