############################################################################## ############################################################################## ### ### Running command: ### ### /Library/Frameworks/R.framework/Resources/bin/R CMD check --install=check:motifbreakR.install-out.txt --library=/Library/Frameworks/R.framework/Resources/library --no-vignettes --timings motifbreakR_2.21.0.tar.gz ### ############################################################################## ############################################################################## * using log directory ‘/Users/biocbuild/bbs-3.21-bioc/meat/motifbreakR.Rcheck’ * using R Under development (unstable) (2025-01-22 r87618) * using platform: x86_64-apple-darwin20 * R was compiled by Apple clang version 14.0.0 (clang-1400.0.29.202) GNU Fortran (GCC) 14.2.0 * running under: macOS Monterey 12.7.6 * using session charset: UTF-8 * using option ‘--no-vignettes’ * checking for file ‘motifbreakR/DESCRIPTION’ ... OK * this is package ‘motifbreakR’ version ‘2.21.0’ * package encoding: UTF-8 * checking package namespace information ... OK * checking package dependencies ... INFO Imports includes 24 non-default packages. Importing from so many packages makes the package vulnerable to any of them becoming unavailable. Move as many as possible to Suggests and use conditionally. * checking if this is a source package ... OK * checking if there is a namespace ... OK * checking for hidden files and directories ... OK * checking for portable file names ... OK * checking for sufficient/correct file permissions ... OK * checking whether package ‘motifbreakR’ can be installed ... OK * checking installed package size ... OK * checking package directory ... OK * checking ‘build’ directory ... OK * checking DESCRIPTION meta-information ... OK * checking top-level files ... OK * checking for left-over files ... OK * checking index information ... OK * checking package subdirectories ... OK * checking code files for non-ASCII characters ... OK * checking R files for syntax errors ... OK * checking whether the package can be loaded ... OK * checking whether the package can be loaded with stated dependencies ... OK * checking whether the package can be unloaded cleanly ... OK * checking whether the namespace can be loaded with stated dependencies ... OK * checking whether the namespace can be unloaded cleanly ... OK * checking dependencies in R code ... NOTE Package in Depends field not imported from: 'MotifDb' These packages need to be imported from (in the NAMESPACE file) for when this namespace is loaded but not attached. * checking S3 generic/method consistency ... OK * checking replacement functions ... OK * checking foreign function calls ... OK * checking R code for possible problems ... NOTE biomartToGranges: no visible binding for global variable 'chr_name' biomartToGranges: no visible binding for global variable 'chrom_start' biomartToGranges: no visible binding for global variable 'chrom_end' biomartToGranges: no visible binding for global variable 'SNP_id' biomartToGranges: no visible binding for global variable 'REF' biomartToGranges: no visible binding for global variable 'ALT' calculatePvalue: no visible binding for global variable 'Refpvalue' calculatePvalue: no visible binding for global variable 'Altpvalue' convertPeakFile: no visible binding for global variable 'chr' convertPeakFile: no visible binding for global variable 'name' Undefined global functions or variables: ALT Altpvalue REF Refpvalue SNP_id chr chr_name chrom_end chrom_start name * checking Rd files ... NOTE checkRd: (-1) calculatePvalue.Rd:7: Lost braces 7 | H{\'e}l{\`e}ne Touzet and Jean-St{\'e}phane Varr{\'e} (2007) Efficient and accurate P-value computation for Position Weight Matrices. | ^ checkRd: (-1) calculatePvalue.Rd:7: Lost braces 7 | H{\'e}l{\`e}ne Touzet and Jean-St{\'e}phane Varr{\'e} (2007) Efficient and accurate P-value computation for Position Weight Matrices. | ^ checkRd: (-1) calculatePvalue.Rd:7: Lost braces 7 | H{\'e}l{\`e}ne Touzet and Jean-St{\'e}phane Varr{\'e} (2007) Efficient and accurate P-value computation for Position Weight Matrices. | ^ checkRd: (-1) calculatePvalue.Rd:7: Lost braces 7 | H{\'e}l{\`e}ne Touzet and Jean-St{\'e}phane Varr{\'e} (2007) Efficient and accurate P-value computation for Position Weight Matrices. | ^ * checking Rd metadata ... OK * checking Rd cross-references ... NOTE Found the following Rd file(s) with Rd \link{} targets missing package anchors: calculatePvalue.Rd: TFMsc2pv findSupportingRemapPeaks.Rd: MotifDb, associateTranscriptionFactors motifbreakR.Rd: TFMPvalue-package, TFMsc2pv shiny_motifbreakR.Rd: shinyAppDir snps.from.file.Rd: useEnsembl snps.from.rsid.Rd: useEnsembl Please provide package anchors for all Rd \link{} targets not in the package itself and the base packages. * checking for missing documentation entries ... WARNING Undocumented data sets: 'example.pvalue' All user-level objects in a package should have documentation entries. See chapter ‘Writing R documentation files’ in the ‘Writing R Extensions’ manual. * checking for code/documentation mismatches ... OK * checking Rd \usage sections ... OK * checking Rd contents ... OK * checking for unstated dependencies in examples ... OK * checking contents of ‘data’ directory ... OK * checking data for non-ASCII characters ... OK * checking data for ASCII and uncompressed saves ... OK * checking installed files from ‘inst/doc’ ... OK * checking files in ‘vignettes’ ... OK * checking examples ... OK Examples with CPU (user + system) or elapsed time > 5s user system elapsed snps.from.rsid 153.895 13.961 172.259 calculatePvalue 42.346 0.472 43.049 motifbreakR 11.606 0.282 11.958 * checking for unstated dependencies in vignettes ... NOTE 'library' or 'require' call not declared from: ‘SNPlocs.Hsapiens.dbSNP142.GRCh37’ * checking package vignettes ... OK * checking running R code from vignettes ... SKIPPED * checking re-building of vignette outputs ... SKIPPED * checking PDF version of manual ... OK * DONE Status: 1 WARNING, 5 NOTEs See ‘/Users/biocbuild/bbs-3.21-bioc/meat/motifbreakR.Rcheck/00check.log’ for details.