############################################################################## ############################################################################## ### ### Running command: ### ### /home/biocbuild/R/R/bin/R CMD check --install=check:miaViz.install-out.txt --library=/home/biocbuild/R/R/site-library --no-vignettes --timings miaViz_1.15.2.tar.gz ### ############################################################################## ############################################################################## * using log directory ‘/home/biocbuild/bbs-3.21-bioc/meat/miaViz.Rcheck’ * using R Under development (unstable) (2024-11-24 r87369) * using platform: aarch64-unknown-linux-gnu * R was compiled by aarch64-unknown-linux-gnu-gcc (GCC) 14.2.0 GNU Fortran (GCC) 14.2.0 * running under: openEuler 24.03 (LTS) * using session charset: UTF-8 * using option ‘--no-vignettes’ * checking for file ‘miaViz/DESCRIPTION’ ... OK * this is package ‘miaViz’ version ‘1.15.2’ * package encoding: UTF-8 * checking package namespace information ... OK * checking package dependencies ... INFO Imports includes 21 non-default packages. Importing from so many packages makes the package vulnerable to any of them becoming unavailable. Move as many as possible to Suggests and use conditionally. * checking if this is a source package ... OK * checking if there is a namespace ... OK * checking for hidden files and directories ... OK * checking for portable file names ... OK * checking for sufficient/correct file permissions ... OK * checking whether package ‘miaViz’ can be installed ... WARNING Found the following significant warnings: Warning: program compiled against libxml 212 using older 211 See ‘/home/biocbuild/bbs-3.21-bioc/meat/miaViz.Rcheck/00install.out’ for details. * checking installed package size ... OK * checking package directory ... OK * checking ‘build’ directory ... OK * checking DESCRIPTION meta-information ... NOTE Packages listed in more than one of Depends, Imports, Suggests, Enhances: ‘ggplot2’ ‘ggraph’ A package should be listed in only one of these fields. * checking top-level files ... OK * checking for left-over files ... OK * checking index information ... OK * checking package subdirectories ... OK * checking code files for non-ASCII characters ... OK * checking R files for syntax errors ... OK * checking whether the package can be loaded ... OK * checking whether the package can be loaded with stated dependencies ... OK * checking whether the package can be unloaded cleanly ... OK * checking whether the namespace can be loaded with stated dependencies ... NOTE Warning: program compiled against libxml 212 using older 211 A namespace must be able to be loaded with just the base namespace loaded: otherwise if the namespace gets loaded by a saved object, the session will be unable to start. Probably some imports need to be declared in the NAMESPACE file. * checking whether the namespace can be unloaded cleanly ... OK * checking loading without being on the library search path ... OK * checking dependencies in R code ... NOTE Warning: program compiled against libxml 212 using older 211 * checking S3 generic/method consistency ... WARNING Warning: program compiled against libxml 212 using older 211 See section ‘Generic functions and methods’ in the ‘Writing R Extensions’ manual. * checking replacement functions ... WARNING Warning: program compiled against libxml 212 using older 211 The argument of a replacement function which corresponds to the right hand side must be named ‘value’. * checking foreign function calls ... NOTE Warning: program compiled against libxml 212 using older 211 See chapter ‘System and foreign language interfaces’ in the ‘Writing R Extensions’ manual. * checking R code for possible problems ... NOTE Warning: program compiled against libxml 212 using older 211 .abund_plotter: no visible binding for global variable ‘X’ .abund_plotter: no visible binding for global variable ‘Y’ .abund_plotter_incorporate_metadata: no visible binding for global variable ‘X’ .add_paired_samples: no visible global function definition for ‘across’ .add_paired_samples: no visible binding for global variable ‘colour_by’ .add_paired_samples: no visible binding for global variable ‘count’ .add_paired_samples: no visible binding for global variable ‘X’ .add_signif_to_vector_labels : : no visible global function definition for ‘italic’ .calculate_max_and_min_for_loadings: no visible binding for global variable ‘PC’ .calculate_max_and_min_for_loadings: no visible binding for global variable ‘Value’ .feature_plotter: no visible binding for global variable ‘X’ .feature_plotter: no visible binding for global variable ‘Y’ .get_prevalence_plot_matrix: no visible binding for global variable ‘ID’ .get_series_data: no visible global function definition for ‘rowData<-’ .get_series_data: no visible binding for global variable ‘Y’ .incorporate_rda_vis: no visible global function definition for ‘scores’ .order_abundance_cols: no visible binding for global variable ‘X’ .order_abundance_cols: no visible binding for global variable ‘colour_by’ .order_abundance_cols: no visible binding for global variable ‘Y’ .order_abundance_rows: no visible global function definition for ‘unfactor’ .order_abundance_rows: no visible binding for global variable ‘colour_by’ .order_abundance_rows: no visible binding for global variable ‘Y’ .order_abundance_rows: no visible binding for global variable ‘mean_abundance’ .plot_bar_or_lollipop: no visible binding for global variable ‘Sign’ .plot_bar_or_lollipop: no visible binding for global variable ‘max_scale_abs’ .plot_bar_or_lollipop: no visible binding for global variable ‘max_scale’ .plot_loadings: no visible binding for global variable ‘PC’ .plot_loadings: no visible binding for global variable ‘Feature’ .plot_loadings: no visible binding for global variable ‘Value’ .rda_plotter: no visible binding for global variable ‘color’ .rda_plotter: no visible binding for global variable ‘x’ .rda_plotter: no visible binding for global variable ‘y’ .remove_taxonomic_level_from_labels: no visible binding for global variable ‘TAXONOMY_RANKS’ plotLoadings,SingleCellExperiment: no visible global function definition for ‘reducedDims’ plotLoadings,TreeSummarizedExperiment: no visible global function definition for ‘reducedDims’ Undefined global functions or variables: Feature ID PC Sign TAXONOMY_RANKS Value X Y across color colour_by count italic max_scale max_scale_abs mean_abundance reducedDims rowData<- scores unfactor x y * checking Rd files ... OK * checking Rd metadata ... OK * checking Rd cross-references ... NOTE Found the following Rd file(s) with Rd \link{} targets missing package anchors: plotColTile.Rd: retrieveFeatureInfo, retrieveCellInfo plotGraph.Rd: ggtree plotPrevalence.Rd: agglomerate-methods plotTree.Rd: ggtree Please provide package anchors for all Rd \link{} targets not in the package itself and the base packages. * checking for missing documentation entries ... WARNING Warning: program compiled against libxml 212 using older 211 All user-level objects in a package should have documentation entries. See chapter ‘Writing R documentation files’ in the ‘Writing R Extensions’ manual. * checking for code/documentation mismatches ... WARNING Warning: program compiled against libxml 212 using older 211 Warning: program compiled against libxml 212 using older 211 Warning: program compiled against libxml 212 using older 211 * checking Rd \usage sections ... NOTE Warning: program compiled against libxml 212 using older 211 The \usage entries for S3 methods should use the \method markup and not their full name. See chapter ‘Writing R documentation files’ in the ‘Writing R Extensions’ manual. * checking Rd contents ... OK * checking for unstated dependencies in examples ... OK * checking contents of ‘data’ directory ... OK * checking data for non-ASCII characters ... OK * checking data for ASCII and uncompressed saves ... OK * checking files in ‘vignettes’ ... OK * checking examples ... OK Examples with CPU (user + system) or elapsed time > 5s user system elapsed plotTree 95.020 0.555 95.757 plotDMN 29.282 0.068 29.385 plotAbundance 17.693 0.375 18.116 plotPrevalence 11.096 0.076 11.191 plotLoadings 7.000 0.212 7.223 plotCCA 6.046 0.028 6.086 * checking for unstated dependencies in ‘tests’ ... OK * checking tests ... Running ‘testthat.R’ OK * checking for unstated dependencies in vignettes ... OK * checking package vignettes ... OK * checking running R code from vignettes ... SKIPPED * checking re-building of vignette outputs ... SKIPPED * checking PDF version of manual ... OK * DONE Status: 5 WARNINGs, 7 NOTEs See ‘/home/biocbuild/bbs-3.21-bioc/meat/miaViz.Rcheck/00check.log’ for details.