############################################################################## ############################################################################## ### ### Running command: ### ### /home/biocbuild/bbs-3.22-bioc/R/bin/R CMD build --keep-empty-dirs --no-resave-data --md5 mCSEA ### ############################################################################## ############################################################################## * checking for file ‘mCSEA/DESCRIPTION’ ... OK * preparing ‘mCSEA’: * checking DESCRIPTION meta-information ... OK * installing the package to build vignettes * creating vignettes ... ERROR --- re-building ‘mCSEA.Rmd’ using rmarkdown Quitting from mCSEA.Rmd:283-287 [unnamed-chunk-12] ~~~~~~~~~~~~~~~~~~~~~~~~~~~~~~~~~~~~~~~~~~~~~~~~~~~~~~~~~~~~~~~~~~~~~~~~~~~~~~~~ NULL ~~~~~~~~~~~~~~~~~~~~~~~~~~~~~~~~~~~~~~~~~~~~~~~~~~~~~~~~~~~~~~~~~~~~~~~~~~~~~~~~ Error: processing vignette 'mCSEA.Rmd' failed with diagnostics: Failed to perform HTTP request. Caused by error in `curl::curl_fetch_memory()`: ! SSL connect error [grch37.ensembl.org]: gnutls_handshake() failed: An unexpected TLS packet was received. --- failed re-building ‘mCSEA.Rmd’ SUMMARY: processing the following file failed: ‘mCSEA.Rmd’ Error: Vignette re-building failed. Execution halted