############################################################################## ############################################################################## ### ### Running command: ### ### /home/biocbuild/R/R/bin/R CMD check --install=check:frmaTools.install-out.txt --library=/home/biocbuild/R/R/site-library --no-vignettes --timings frmaTools_1.59.0.tar.gz ### ############################################################################## ############################################################################## * using log directory ‘/home/biocbuild/bbs-3.21-bioc/meat/frmaTools.Rcheck’ * using R Under development (unstable) (2024-11-24 r87369) * using platform: aarch64-unknown-linux-gnu * R was compiled by aarch64-unknown-linux-gnu-gcc (GCC) 14.2.0 GNU Fortran (GCC) 14.2.0 * running under: openEuler 24.03 (LTS) * using session charset: UTF-8 * using option ‘--no-vignettes’ * checking for file ‘frmaTools/DESCRIPTION’ ... OK * this is package ‘frmaTools’ version ‘1.59.0’ * checking package namespace information ... OK * checking package dependencies ... ERROR Packages suggested but not available: 'oligo', 'pd.huex.1.0.st.v2', 'pd.hugene.1.0.st.v1', 'frma' The suggested packages are required for a complete check. Checking can be attempted without them by setting the environment variable _R_CHECK_FORCE_SUGGESTS_ to a false value. See section ‘The DESCRIPTION file’ in the ‘Writing R Extensions’ manual. * DONE Status: 1 ERROR See ‘/home/biocbuild/bbs-3.21-bioc/meat/frmaTools.Rcheck/00check.log’ for details.