############################################################################## ############################################################################## ### ### Running command: ### ### /home/biocbuild/bbs-3.21-bioc/R/bin/R CMD build --keep-empty-dirs --no-resave-data debCAM ### ############################################################################## ############################################################################## * checking for file ‘debCAM/DESCRIPTION’ ... OK * preparing ‘debCAM’: * checking DESCRIPTION meta-information ... OK * installing the package to build vignettes * creating vignettes ... ERROR --- re-building ‘debcam.Rmd’ using rmarkdown Quitting from lines 279-304 [unnamed-chunk-19] (debcam.Rmd) Error: processing vignette 'debcam.Rmd' failed with diagnostics: HTTP 502 Bad Gateway. --- failed re-building ‘debcam.Rmd’ SUMMARY: processing the following file failed: ‘debcam.Rmd’ Error: Vignette re-building failed. Execution halted