############################################################################## ############################################################################## ### ### Running command: ### ### /home/biocbuild/R/R/bin/R CMD check --install=check:compEpiTools.install-out.txt --library=/home/biocbuild/R/R/site-library --no-vignettes --timings compEpiTools_1.41.0.tar.gz ### ############################################################################## ############################################################################## * using log directory ‘/home/biocbuild/bbs-3.21-bioc/meat/compEpiTools.Rcheck’ * using R Under development (unstable) (2024-11-24 r87369) * using platform: aarch64-unknown-linux-gnu * R was compiled by aarch64-unknown-linux-gnu-gcc (GCC) 14.2.0 GNU Fortran (GCC) 14.2.0 * running under: openEuler 24.03 (LTS) * using session charset: UTF-8 * using option ‘--no-vignettes’ * checking for file ‘compEpiTools/DESCRIPTION’ ... OK * checking extension type ... Package * this is package ‘compEpiTools’ version ‘1.41.0’ * checking package namespace information ... OK * checking package dependencies ... OK * checking if this is a source package ... OK * checking if there is a namespace ... OK * checking for hidden files and directories ... OK * checking for portable file names ... OK * checking for sufficient/correct file permissions ... OK * checking whether package ‘compEpiTools’ can be installed ... WARNING Found the following significant warnings: Warning: program compiled against libxml 212 using older 211 See ‘/home/biocbuild/bbs-3.21-bioc/meat/compEpiTools.Rcheck/00install.out’ for details. * checking installed package size ... OK * checking package directory ... OK * checking ‘build’ directory ... OK * checking DESCRIPTION meta-information ... OK * checking top-level files ... OK * checking for left-over files ... OK * checking index information ... OK * checking package subdirectories ... OK * checking code files for non-ASCII characters ... OK * checking R files for syntax errors ... OK * checking whether the package can be loaded ... OK * checking whether the package can be loaded with stated dependencies ... OK * checking whether the package can be unloaded cleanly ... OK * checking whether the namespace can be loaded with stated dependencies ... NOTE Warning: program compiled against libxml 212 using older 211 A namespace must be able to be loaded with just the base namespace loaded: otherwise if the namespace gets loaded by a saved object, the session will be unable to start. Probably some imports need to be declared in the NAMESPACE file. * checking whether the namespace can be unloaded cleanly ... OK * checking loading without being on the library search path ... OK * checking dependencies in R code ... NOTE Warning: program compiled against libxml 212 using older 211 * checking S3 generic/method consistency ... WARNING Warning: program compiled against libxml 212 using older 211 See section ‘Generic functions and methods’ in the ‘Writing R Extensions’ manual. * checking replacement functions ... WARNING Warning: program compiled against libxml 212 using older 211 The argument of a replacement function which corresponds to the right hand side must be named ‘value’. * checking foreign function calls ... NOTE Warning: program compiled against libxml 212 using older 211 See chapter ‘System and foreign language interfaces’ in the ‘Writing R Extensions’ manual. * checking R code for possible problems ... NOTE Warning: program compiled against libxml 212 using older 211 TSS: no visible global function definition for 'end<-' TSS: no visible global function definition for 'start<-' findLncRNA: no visible global function definition for 'start<-' findLncRNA: no visible global function definition for 'end<-' findLncRNA: no visible global function definition for 'IRanges' stallingIndex : getBound: no visible global function definition for 'start<-' stallingIndex : getBound: no visible global function definition for 'end<-' stallingIndex: no visible global function definition for 'IRanges' topGOres : : no visible global function definition for 'ggplot' topGOres : : no visible global function definition for 'aes' topGOres : : no visible binding for global variable 'Significant' topGOres : : no visible binding for global variable 'P_val' topGOres : : no visible global function definition for 'geom_bar' topGOres : : no visible global function definition for 'coord_flip' topGOres : : no visible global function definition for 'ylab' ucsc2GRanges: no visible global function definition for 'IRanges' GR2fasta,GRanges: no visible global function definition for 'seqlengths' GR2fasta,GRanges: no visible global function definition for 'seqlengths<-' GR2fasta,GRanges: no visible global function definition for 'trim' GRangesInPromoters,GRanges: no visible global function definition for 'start<-' GRannotate,GRanges: no visible global function definition for 'start<-' GRannotate,GRanges: no visible global function definition for 'end<-' GRcoverageSummit,GRanges: no visible global function definition for 'start<-' GRcoverageSummit,GRanges: no visible global function definition for 'end<-' GRmidpoint,GRanges: no visible global function definition for 'start<-' GRmidpoint,GRanges: no visible global function definition for 'end<-' GRsetwidth,GRanges: no visible global function definition for 'start<-' GRsetwidth,GRanges: no visible global function definition for 'end<-' countOverlapsInBins,GRanges: no visible global function definition for 'IRanges' featuresLength,TxDb: no visible global function definition for 'reduce' getPromoterClass,TxDb: no visible binding for global variable 'txdb' getPromoterClass,TxDb: no visible global function definition for 'start<-' makeGtfFromDb,TxDb: no visible global function definition for 'reduce' matchEnhancers,GRanges: no visible global function definition for 'distanceToNearest' matchEnhancers,GRanges: no visible global function definition for 'IRanges' Undefined global functions or variables: IRanges P_val Significant aes coord_flip distanceToNearest end<- geom_bar ggplot reduce seqlengths seqlengths<- start<- trim txdb ylab * checking Rd files ... NOTE checkRd: (-1) getPromoterClass-methods.Rd:21: Lost braces in \itemize; meant \describe ? checkRd: (-1) getPromoterClass-methods.Rd:22: Lost braces in \itemize; meant \describe ? checkRd: (-1) getPromoterClass-methods.Rd:23: Lost braces in \itemize; meant \describe ? checkRd: (-1) getPromoterClass-methods.Rd:24: Lost braces in \itemize; meant \describe ? checkRd: (-1) getPromoterClass-methods.Rd:25: Lost braces; missing escapes or markup? 25 | \item{downstream}:{numeric; number of bp downstream transcription start sites defining downstream limit of promoters} | ^ * checking Rd metadata ... OK * checking Rd cross-references ... NOTE Found the following Rd file(s) with Rd \link{} targets missing package anchors: getPromoterClass-methods.Rd: GRanges heatmapPlot.Rd: heatmap.2 Please provide package anchors for all Rd \link{} targets not in the package itself and the base packages. * checking for missing documentation entries ... WARNING Warning: program compiled against libxml 212 using older 211 All user-level objects in a package should have documentation entries. See chapter ‘Writing R documentation files’ in the ‘Writing R Extensions’ manual. * checking for code/documentation mismatches ... WARNING Warning: program compiled against libxml 212 using older 211 Warning: program compiled against libxml 212 using older 211 Warning: program compiled against libxml 212 using older 211 * checking Rd \usage sections ... NOTE Warning: program compiled against libxml 212 using older 211 The \usage entries for S3 methods should use the \method markup and not their full name. See chapter ‘Writing R documentation files’ in the ‘Writing R Extensions’ manual. * checking Rd contents ... OK * checking for unstated dependencies in examples ... OK * checking files in ‘vignettes’ ... OK * checking examples ... OK Examples with CPU (user + system) or elapsed time > 5s user system elapsed topGOres 39.030 0.287 39.395 getPromoterClass-methods 1.022 0.000 25.140 * checking for unstated dependencies in vignettes ... OK * checking package vignettes ... OK * checking running R code from vignettes ... SKIPPED * checking re-building of vignette outputs ... SKIPPED * checking PDF version of manual ... OK * DONE Status: 5 WARNINGs, 7 NOTEs See ‘/home/biocbuild/bbs-3.21-bioc/meat/compEpiTools.Rcheck/00check.log’ for details.