############################################################################## ############################################################################## ### ### Running command: ### ### /home/biocbuild/R/R/bin/R CMD build --keep-empty-dirs --no-resave-data branchpointer ### ############################################################################## ############################################################################## * checking for file ‘branchpointer/DESCRIPTION’ ... OK * preparing ‘branchpointer’: * checking DESCRIPTION meta-information ... OK * installing the package to build vignettes * creating vignettes ... ERROR --- re-building ‘branchpointer.Rnw’ using knitr Quitting from branchpointer.Rnw:219-227 [read_snp_mart] ~~~~~~~~~~~~~~~~~~~~~~~~~~~~~~~~~~~~~~~~~~~~~~~~~~~~~~~~~~~~~~~~~~~~~~~~~~~~~ NULL ~~~~~~~~~~~~~~~~~~~~~~~~~~~~~~~~~~~~~~~~~~~~~~~~~~~~~~~~~~~~~~~~~~~~~~~~~~~~~ Error: processing vignette 'branchpointer.Rnw' failed with diagnostics: Failed to perform HTTP request. Caused by error in `curl::curl_fetch_memory()`: ! SSL connect error [www.ensembl.org]: TLS connect error: error:0A0000C6:SSL routines::packet length too long --- failed re-building ‘branchpointer.Rnw’ SUMMARY: processing the following file failed: ‘branchpointer.Rnw’ Error: Vignette re-building failed. Execution halted