############################################################################## ############################################################################## ### ### Running command: ### ### /home/biocbuild/bbs-3.22-bioc/R/bin/R CMD build --keep-empty-dirs --no-resave-data --md5 bedbaser ### ############################################################################## ############################################################################## * checking for file ‘bedbaser/DESCRIPTION’ ... OK * preparing ‘bedbaser’: * checking DESCRIPTION meta-information ... OK * installing the package to build vignettes * creating vignettes ... ERROR --- re-building ‘bedbaser.Rmd’ using rmarkdown Quitting from bedbaser.Rmd:43-47 [bedbase] ~~~~~~~~~~~~~~~~~~~~~~~~~~~~~~~~~~~~~~~~~~~~~~~~~~~~~~~~~~~~~~~~~~~~~~~~~~~~~~~~ Error: ! Unknown http status code: 522 --- Backtrace: ▆ 1. └─bedbaser::BEDbase(tempdir()) 2. ├─base::suppressWarnings(...) 3. │ └─base::withCallingHandlers(...) 4. ├─bedbaser:::.BEDbase(...) 5. │ └─methods::new(``, ...) 6. │ ├─methods::initialize(value, ...) 7. │ └─methods::initialize(value, ...) 8. └─AnVIL::Service(...) 9. └─AnVIL:::.service_get_api_file(api_reference_url, api_reference_headers) 10. └─AnVILBase::avstop_for_status(response, ".service_get_api_file") 11. └─httr::http_condition(status, "error") 12. └─httr::http_status(status) ~~~~~~~~~~~~~~~~~~~~~~~~~~~~~~~~~~~~~~~~~~~~~~~~~~~~~~~~~~~~~~~~~~~~~~~~~~~~~~~~ Error: processing vignette 'bedbaser.Rmd' failed with diagnostics: Unknown http status code: 522 --- failed re-building ‘bedbaser.Rmd’ SUMMARY: processing the following file failed: ‘bedbaser.Rmd’ Error: Vignette re-building failed. Execution halted