############################################################################## ############################################################################## ### ### Running command: ### ### /home/biocbuild/R/R/bin/R CMD check --install=check:MEDIPS.install-out.txt --library=/home/biocbuild/R/R/site-library --no-vignettes --timings MEDIPS_1.59.0.tar.gz ### ############################################################################## ############################################################################## * using log directory ‘/home/biocbuild/bbs-3.21-bioc/meat/MEDIPS.Rcheck’ * using R Under development (unstable) (2024-11-24 r87369) * using platform: aarch64-unknown-linux-gnu * R was compiled by aarch64-unknown-linux-gnu-gcc (GCC) 14.2.0 GNU Fortran (GCC) 14.2.0 * running under: openEuler 24.03 (LTS) * using session charset: UTF-8 * using option ‘--no-vignettes’ * checking for file ‘MEDIPS/DESCRIPTION’ ... OK * checking extension type ... Package * this is package ‘MEDIPS’ version ‘1.59.0’ * checking package namespace information ... OK * checking package dependencies ... OK * checking if this is a source package ... OK * checking if there is a namespace ... OK * checking for hidden files and directories ... OK * checking for portable file names ... OK * checking for sufficient/correct file permissions ... OK * checking whether package ‘MEDIPS’ can be installed ... WARNING Found the following significant warnings: Warning: program compiled against libxml 212 using older 211 See ‘/home/biocbuild/bbs-3.21-bioc/meat/MEDIPS.Rcheck/00install.out’ for details. * checking installed package size ... OK * checking package directory ... OK * checking ‘build’ directory ... OK * checking DESCRIPTION meta-information ... OK * checking top-level files ... OK * checking for left-over files ... OK * checking index information ... OK * checking package subdirectories ... OK * checking code files for non-ASCII characters ... OK * checking R files for syntax errors ... OK * checking whether the package can be loaded ... OK * checking whether the package can be loaded with stated dependencies ... OK * checking whether the package can be unloaded cleanly ... OK * checking whether the namespace can be loaded with stated dependencies ... NOTE Warning: program compiled against libxml 212 using older 211 A namespace must be able to be loaded with just the base namespace loaded: otherwise if the namespace gets loaded by a saved object, the session will be unable to start. Probably some imports need to be declared in the NAMESPACE file. * checking whether the namespace can be unloaded cleanly ... OK * checking loading without being on the library search path ... OK * checking dependencies in R code ... NOTE Warning: program compiled against libxml 212 using older 211 * checking S3 generic/method consistency ... WARNING Warning: program compiled against libxml 212 using older 211 See section ‘Generic functions and methods’ in the ‘Writing R Extensions’ manual. * checking replacement functions ... WARNING Warning: program compiled against libxml 212 using older 211 The argument of a replacement function which corresponds to the right hand side must be named ‘value’. * checking foreign function calls ... NOTE Warning: program compiled against libxml 212 using older 211 See chapter ‘System and foreign language interfaces’ in the ‘Writing R Extensions’ manual. * checking R code for possible problems ... NOTE Warning: program compiled against libxml 212 using older 211 MEDIPS.CpGenrich: no visible global function definition for ‘seqlevels’ MEDIPS.CpGenrich: no visible global function definition for ‘seqlengths’ MEDIPS.CpGenrich: no visible global function definition for ‘GRangesList’ MEDIPS.CpGenrich : : no visible global function definition for ‘seqnames’ MEDIPS.CpGenrich: no visible global function definition for ‘new’ MEDIPS.addCNV: no visible global function definition for ‘seqnames’ MEDIPS.correlation: no visible global function definition for ‘pdf’ MEDIPS.correlation: no visible global function definition for ‘dev.off’ MEDIPS.couplingVector: no visible global function definition for ‘new’ MEDIPS.createROIset: no visible global function definition for ‘seqnames’ MEDIPS.createROIset: no visible global function definition for ‘seqlengths’ MEDIPS.createROIset: no visible global function definition for ‘new’ MEDIPS.createSet: no visible global function definition for ‘seqnames’ MEDIPS.createSet: no visible global function definition for ‘seqlengths’ MEDIPS.createSet: no visible global function definition for ‘seqlevels’ MEDIPS.createSet: no visible global function definition for ‘new’ MEDIPS.diffMeth: no visible global function definition for ‘p.adjust’ MEDIPS.exportWIG: no visible global function definition for ‘seqnames’ MEDIPS.mergeSets: no visible global function definition for ‘new’ MEDIPS.meth: no visible global function definition for ‘seqnames’ MEDIPS.plotCalibrationPlot: no visible global function definition for ‘seqnames’ MEDIPS.plotCalibrationPlot: no visible global function definition for ‘points’ MEDIPS.plotSeqCoverage: no visible global function definition for ‘pie’ MEDIPS.plotSeqCoverage: no visible global function definition for ‘hist’ MEDIPS.saturation: no visible global function definition for ‘seqlevels’ MEDIPS.saturation: no visible global function definition for ‘seqlengths’ MEDIPS.selectROIs: no visible global function definition for ‘elementMetadata<-’ MEDIPS.selectROIs: no visible global function definition for ‘elementMetadata’ MEDIPS.selectROIs: no visible global function definition for ‘findOverlaps’ MEDIPS.selectROIs: no visible global function definition for ‘values’ MEDIPS.selectROIs: no visible global function definition for ‘seqnames’ MEDIPS.seqCoverage: no visible global function definition for ‘seqlevels’ MEDIPS.seqCoverage: no visible global function definition for ‘seqlengths’ MEDIPS.setAnnotation: no visible global function definition for ‘findOverlaps’ MEDIPS.setAnnotation: no visible global function definition for ‘values’ getGRange: no visible global function definition for ‘qpois’ getGRange: no visible global function definition for ‘seqlengths’ getGRange: no visible global function definition for ‘countMatches’ getGRange: no visible global function definition for ‘strand<-’ getMObjectFromWIG: no visible global function definition for ‘seqlengths’ getMObjectFromWIG: no visible global function definition for ‘values’ getMObjectFromWIG: no visible global function definition for ‘runLength’ getMObjectFromWIG: no visible global function definition for ‘seqnames’ getMObjectFromWIG: no visible global function definition for ‘runValue’ getMObjectFromWIG: no visible global function definition for ‘new’ getPairedGRange: no visible global function definition for ‘sd’ getPairedGRange: no visible global function definition for ‘qpois’ getPairedGRange: no visible global function definition for ‘seqlengths’ getPairedGRange: no visible global function definition for ‘countMatches’ getPairedGRange: no visible global function definition for ‘strand<-’ matSd: no visible binding for global variable ‘sd’ matTtest: no visible binding for global variable ‘sd’ matTtest: no visible global function definition for ‘pt’ Undefined global functions or variables: GRangesList countMatches dev.off elementMetadata elementMetadata<- findOverlaps hist new p.adjust pdf pie points pt qpois runLength runValue sd seqlengths seqlevels seqnames strand<- values Consider adding importFrom("grDevices", "dev.off", "pdf") importFrom("graphics", "hist", "pie", "points") importFrom("methods", "new") importFrom("stats", "p.adjust", "pt", "qpois", "sd") to your NAMESPACE file (and ensure that your DESCRIPTION Imports field contains 'methods'). * checking Rd files ... OK * checking Rd metadata ... OK * checking Rd cross-references ... OK * checking for missing documentation entries ... WARNING Warning: program compiled against libxml 212 using older 211 All user-level objects in a package should have documentation entries. See chapter ‘Writing R documentation files’ in the ‘Writing R Extensions’ manual. * checking for code/documentation mismatches ... WARNING Warning: program compiled against libxml 212 using older 211 Warning: program compiled against libxml 212 using older 211 Warning: program compiled against libxml 212 using older 211 * checking Rd \usage sections ... NOTE Warning: program compiled against libxml 212 using older 211 The \usage entries for S3 methods should use the \method markup and not their full name. See chapter ‘Writing R documentation files’ in the ‘Writing R Extensions’ manual. * checking Rd contents ... OK * checking for unstated dependencies in examples ... OK * checking files in ‘vignettes’ ... OK * checking examples ... OK Examples with CPU (user + system) or elapsed time > 5s user system elapsed MEDIPS.meth 49.325 0.903 50.307 MEDIPS.addCNV 34.535 2.087 36.694 MEDIPS.plotSaturation 13.454 0.116 13.593 MEDIPS.saturation 13.202 0.032 13.257 * checking for unstated dependencies in vignettes ... OK * checking package vignettes ... OK * checking running R code from vignettes ... SKIPPED * checking re-building of vignette outputs ... SKIPPED * checking PDF version of manual ... OK * DONE Status: 5 WARNINGs, 5 NOTEs See ‘/home/biocbuild/bbs-3.21-bioc/meat/MEDIPS.Rcheck/00check.log’ for details.