############################################################################## ############################################################################## ### ### Running command: ### ### /home/biocbuild/R/R/bin/R CMD build --keep-empty-dirs --no-resave-data GWENA ### ############################################################################## ############################################################################## * checking for file ‘GWENA/DESCRIPTION’ ... OK * preparing ‘GWENA’: * checking DESCRIPTION meta-information ... OK Warning: bad markup (extra space?) at compare_conditions.Rd:91:72 Warning: bad markup (extra space?) at compare_conditions.Rd:96:77 Warning: bad markup (extra space?) at compare_conditions.Rd:98:74 Warning: bad markup (extra space?) at compare_conditions.Rd:100:69 * installing the package to build vignettes * creating vignettes ... ERROR --- re-building ‘GWENA_guide.Rmd’ using rmarkdown Quitting from lines 283-285 [modules_enrichment] (GWENA_guide.Rmd) Error: processing vignette 'GWENA_guide.Rmd' failed with diagnostics: There's an issue with your request to g:Profiler. Error code: 301. Please double check your input. If this doesn't help, then check your internet connection or contact us with a reproducible example on biit.support@ut.ee --- failed re-building ‘GWENA_guide.Rmd’ SUMMARY: processing the following file failed: ‘GWENA_guide.Rmd’ Error: Vignette re-building failed. Execution halted