############################################################################## ############################################################################## ### ### Running command: ### ### /home/biocbuild/R/R/bin/R CMD build --keep-empty-dirs --no-resave-data EWCE ### ############################################################################## ############################################################################## * checking for file ‘EWCE/DESCRIPTION’ ... OK * preparing ‘EWCE’: * checking DESCRIPTION meta-information ... OK * installing the package to build vignettes * creating vignettes ... ERROR --- re-building ‘EWCE.Rmd’ using rmarkdown -- mouse -- human [WARNING] Citeproc: citation skene_2016 not found [WARNING] This document format requires a nonempty element. Defaulting to 'EWCE.knit' as the title. To specify a title, use 'title' in metadata or --metadata title="...". --- finished re-building ‘EWCE.Rmd’ --- re-building ‘extended.Rmd’ using rmarkdown -- mouse -- human -- mouse -- human Quitting from lines 246-256 [unnamed-chunk-8] (extended.Rmd) Error: processing vignette 'extended.Rmd' failed with diagnostics: There's an issue with your request to g:Profiler. Error code: 301. Please double check your input. If this doesn't help, then check your internet connection or contact us with a reproducible example on biit.support@ut.ee --- failed re-building ‘extended.Rmd’ SUMMARY: processing the following file failed: ‘extended.Rmd’ Error: Vignette re-building failed. Execution halted