############################################################################## ############################################################################## ### ### Running command: ### ### /home/biocbuild/R/R/bin/R CMD build --keep-empty-dirs --no-resave-data Cepo ### ############################################################################## ############################################################################## * checking for file ‘Cepo/DESCRIPTION’ ... OK * preparing ‘Cepo’: * checking DESCRIPTION meta-information ... OK * installing the package to build vignettes * creating vignettes ... ERROR --- re-building ‘cepo.Rmd’ using rmarkdown Quitting from lines 200-210 [unnamed-chunk-7] (cepo.Rmd) Error: processing vignette 'cepo.Rmd' failed with diagnostics: package or namespace load failed for 'scMerge' in dyn.load(file, DLLpath = DLLpath, ...): unable to load shared object '/home/biocbuild/R/R-4.5.0-devel_2024-11-24/site-library/densEstBayes/libs/densEstBayes.so': libtbbmalloc.so.2: cannot open shared object file: No such file or directory --- failed re-building ‘cepo.Rmd’ SUMMARY: processing the following file failed: ‘cepo.Rmd’ Error: Vignette re-building failed. Execution halted