############################################################################## ############################################################################## ### ### Running command: ### ### /home/biocbuild/bbs-3.21-bioc/R/bin/R CMD check --install=check:BSgenome.install-out.txt --library=/home/biocbuild/bbs-3.21-bioc/R/site-library --timings BSgenome_1.75.1.tar.gz ### ############################################################################## ############################################################################## * using log directory ‘/home/biocbuild/bbs-3.21-bioc/meat/BSgenome.Rcheck’ * using R Under development (unstable) (2025-01-20 r87609) * using platform: x86_64-pc-linux-gnu * R was compiled by gcc (Ubuntu 13.3.0-6ubuntu2~24.04) 13.3.0 GNU Fortran (Ubuntu 13.3.0-6ubuntu2~24.04) 13.3.0 * running under: Ubuntu 24.04.1 LTS * using session charset: UTF-8 * checking for file ‘BSgenome/DESCRIPTION’ ... OK * this is package ‘BSgenome’ version ‘1.75.1’ * package encoding: UTF-8 * checking package namespace information ... OK * checking package dependencies ... INFO Depends: includes the non-default packages: 'BiocGenerics', 'S4Vectors', 'IRanges', 'GenomeInfoDb', 'GenomicRanges', 'Biostrings', 'BiocIO', 'rtracklayer' Adding so many packages to the search path is excessive and importing selectively is preferable. * checking if this is a source package ... OK * checking if there is a namespace ... OK * checking for hidden files and directories ... OK * checking for portable file names ... OK * checking for sufficient/correct file permissions ... OK * checking whether package ‘BSgenome’ can be installed ... OK * checking installed package size ... INFO installed size is 6.8Mb sub-directories of 1Mb or more: R 1.3Mb extdata 5.3Mb * checking package directory ... OK * checking ‘build’ directory ... OK * checking DESCRIPTION meta-information ... OK * checking top-level files ... OK * checking for left-over files ... OK * checking index information ... OK * checking package subdirectories ... OK * checking code files for non-ASCII characters ... OK * checking R files for syntax errors ... OK * checking whether the package can be loaded ... OK * checking whether the package can be loaded with stated dependencies ... OK * checking whether the package can be unloaded cleanly ... OK * checking whether the namespace can be loaded with stated dependencies ... OK * checking whether the namespace can be unloaded cleanly ... OK * checking loading without being on the library search path ... OK * checking dependencies in R code ... NOTE ':::' calls which should be '::': ‘S4Vectors:::makeClassinfoRowForCompactPrinting’ ‘S4Vectors:::makePrettyMatrixForCompactPrinting’ See the note in ?`:::` about the use of this operator. Unexported objects imported by ':::' calls: ‘rtracklayer:::.DNAString_to_twoBit’ ‘rtracklayer:::.TwoBits_export’ ‘rtracklayer:::checkArgFormat’ ‘rtracklayer:::twoBitPath’ See the note in ?`:::` about the use of this operator. * checking S3 generic/method consistency ... OK * checking replacement functions ... WARNING Error: .onLoad failed in loadNamespace() for 'Rsamtools', details: call: h(simpleError(msg, call)) error: error in evaluating the argument 'x' in selecting a method for function 'levels': unable to find an inherited method for function ‘strand’ for signature ‘x = "expressionsIndex"’ Call sequence: 9: stop(gettextf("%s failed in %s() for '%s', details:\n call: %s\n error: %s", hookname, "loadNamespace", pkgname, deparse(conditionCall(res))[1L], conditionMessage(res)), call. = FALSE, domain = NA) 8: runHook(".onLoad", env, package.lib, package) 7: loadNamespace(j <- i[[1L]], c(lib.loc, .libPaths()), versionCheck = vI[[j]]) 6: asNamespace(ns) 5: namespaceImportFrom(ns, loadNamespace(j <- i[[1L]], c(lib.loc, .libPaths()), versionCheck = vI[[j]]), i[[2L]], from = package) 4: loadNamespace(j <- i[[1L]], c(lib.loc, .libPaths()), versionCheck = vI[[j]]) 3: asNamespace(ns) 2: namespaceImportFrom(ns, loadNamespace(j <- i[[1L]], c(lib.loc, .libPaths() Execution halted The argument of a replacement function which corresponds to the right hand side must be named ‘value’. * checking foreign function calls ... OK * checking R code for possible problems ... OK * checking Rd files ... OK * checking Rd metadata ... OK * checking Rd cross-references ... NOTE Found the following Rd file(s) with Rd \link{} targets missing package anchors: BSParams-class.Rd: IntegerRangesList-class BSgenome-utils.Rd: IntegerRangesList-class export-methods.Rd: writeXStringSet Please provide package anchors for all Rd \link{} targets not in the package itself and the base packages. * checking for missing documentation entries ... WARNING Undocumented code objects: ‘MaskedBSgenome’ ‘OnDiskLongTable’ ‘OnDiskLongTable_old’ ‘as.data.frame.BSgenomeViews’ ‘batchsizes’ ‘blocksizes’ ‘breakpoints’ ‘getBatchesByOverlapsFromOnDiskLongTable’ ‘getBatchesBySeqnameFromOnDiskLongTable’ ‘getBatchesFromOnDiskLongTable’ ‘getBatchesFromOnDiskLongTable_old’ ‘getRowsByIdFromOnDiskLongTable’ ‘getRowsByIndexFromOnDiskLongTable_old’ ‘getRowsFromOnDiskLongTable’ ‘saveAsOnDiskLongTable_old’ ‘saveRowidsForOnDiskLongTable_old’ ‘spatialIndex’ ‘writeOnDiskLongTable’ ‘writeOnDiskLongTableRowids’ Undocumented S4 classes: ‘OnDiskLongTable_old’ ‘GRanges_OR_NULL’ ‘MaskedBSgenome’ ‘OnDiskLongTable’ Undocumented S4 methods: generic '[' and siglist 'XStringSet,GRangesList,ANY,ANY' generic '[' and siglist 'XStringSet,GenomicRanges,ANY,ANY' generic '[[' and siglist 'BSgenome,ANY,ANY' generic 'batchsizes' and siglist 'OnDiskLongTable' generic 'blocksizes' and siglist 'OnDiskLongTable_old' generic 'breakpoints' and siglist 'OnDiskLongTable' generic 'breakpoints' and siglist 'OnDiskLongTable_old' generic 'coerce' and siglist 'RdsCollection,RdsNamedSequences' generic 'dim' and siglist 'OnDiskLongTable' generic 'dim' and siglist 'OnDiskLongTable_old' generic 'dimnames' and siglist 'OnDiskLongTable' generic 'dimnames' and siglist 'OnDiskLongTable_old' generic 'dimnames' and siglist 'XtraSNPlocs' generic 'extractAt' and siglist 'BSgenome' generic 'length' and siglist 'OnDiskNamedSequences' generic 'names' and siglist 'FastaNamedSequences' generic 'names' and siglist 'TwobitNamedSequences' generic 'seqinfo' and siglist 'FastaNamedSequences' generic 'seqinfo' and siglist 'RdaNamedSequences' generic 'seqinfo' and siglist 'RdsNamedSequences' generic 'seqinfo' and siglist 'TwobitNamedSequences' generic 'seqnames' and siglist 'OnDiskNamedSequences' generic 'show' and siglist 'OnDiskLongTable' generic 'show' and siglist 'OnDiskLongTable_old' generic 'show' and siglist 'OnDiskNamedSequences' generic 'spatialIndex' and siglist 'OnDiskLongTable' All user-level objects in a package (including S4 classes and methods) should have documentation entries. See chapter ‘Writing R documentation files’ in the ‘Writing R Extensions’ manual. * checking for code/documentation mismatches ... OK * checking Rd \usage sections ... OK * checking Rd contents ... OK * checking for unstated dependencies in examples ... OK * checking files in ‘vignettes’ ... OK * checking examples ... OK Examples with CPU (user + system) or elapsed time > 5s user system elapsed SNPlocs-class 46.866 5.134 53.117 BSgenome-utils 20.610 0.250 20.862 BSgenomeViews-class 13.027 4.667 17.694 BSgenome-class 13.246 0.879 14.143 injectSNPs 8.957 2.493 11.531 XtraSNPlocs-class 6.161 0.547 6.731 getSeq-methods 5.574 0.641 6.216 bsapply 4.986 0.396 5.384 * checking for unstated dependencies in vignettes ... OK * checking package vignettes ... OK * checking re-building of vignette outputs ... OK * checking PDF version of manual ... OK * DONE Status: 2 WARNINGs, 2 NOTEs See ‘/home/biocbuild/bbs-3.21-bioc/meat/BSgenome.Rcheck/00check.log’ for details.