############################################################################## ############################################################################## ### ### Running command: ### ### chmod a+r sincell -R && E:\biocbuild\bbs-3.21-bioc\R\bin\R.exe CMD build --keep-empty-dirs --no-resave-data sincell ### ############################################################################## ############################################################################## * checking for file 'sincell/DESCRIPTION' ... OK * preparing 'sincell': * checking DESCRIPTION meta-information ... OK * cleaning src * installing the package to build vignettes * creating vignettes ... ERROR --- re-building 'sincell-vignette.Rnw' using knitr Quitting from lines 171-186 [change_geneIDs] (sincell-vignette.Rnw) Error: processing vignette 'sincell-vignette.Rnw' failed with diagnostics: The given dataset: hsapiens_gene_ensembl , is not valid. Correct dataset names can be obtained with the listDatasets() function. --- failed re-building 'sincell-vignette.Rnw' SUMMARY: processing the following file failed: 'sincell-vignette.Rnw' Error: Vignette re-building failed. Execution halted