############################################################################## ############################################################################## ### ### Running command: ### ### /home/biocbuild/bbs-3.21-bioc/R/bin/R CMD check --install=check:ptairMS.install-out.txt --library=/home/biocbuild/bbs-3.21-bioc/R/site-library --timings ptairMS_1.15.0.tar.gz ### ############################################################################## ############################################################################## * using log directory ‘/home/biocbuild/bbs-3.21-bioc/meat/ptairMS.Rcheck’ * using R Under development (unstable) (2025-02-19 r87757) * using platform: x86_64-pc-linux-gnu * R was compiled by gcc (Ubuntu 13.3.0-6ubuntu2~24.04) 13.3.0 GNU Fortran (Ubuntu 13.3.0-6ubuntu2~24.04) 13.3.0 * running under: Ubuntu 24.04.2 LTS * using session charset: UTF-8 * checking for file ‘ptairMS/DESCRIPTION’ ... OK * this is package ‘ptairMS’ version ‘1.15.0’ * package encoding: UTF-8 * checking package namespace information ... OK * checking package dependencies ... INFO Imports includes 22 non-default packages. Importing from so many packages makes the package vulnerable to any of them becoming unavailable. Move as many as possible to Suggests and use conditionally. * checking if this is a source package ... OK * checking if there is a namespace ... OK * checking for hidden files and directories ... OK * checking for portable file names ... OK * checking for sufficient/correct file permissions ... OK * checking whether package ‘ptairMS’ can be installed ... WARNING Found the following significant warnings: Warning: replacing previous import ‘Biobase::cache’ by ‘bit64::cache’ when loading ‘ptairMS’ See ‘/home/biocbuild/bbs-3.21-bioc/meat/ptairMS.Rcheck/00install.out’ for details. * used C++ compiler: ‘g++ (Ubuntu 13.3.0-6ubuntu2~24.04) 13.3.0’ * checking installed package size ... OK * checking package directory ... OK * checking ‘build’ directory ... OK * checking DESCRIPTION meta-information ... OK * checking top-level files ... OK * checking for left-over files ... OK * checking index information ... OK * checking package subdirectories ... OK * checking code files for non-ASCII characters ... OK * checking R files for syntax errors ... OK * checking whether the package can be loaded ... OK * checking whether the package can be loaded with stated dependencies ... OK * checking whether the package can be unloaded cleanly ... OK * checking whether the namespace can be loaded with stated dependencies ... OK * checking whether the namespace can be unloaded cleanly ... OK * checking loading without being on the library search path ... OK * checking dependencies in R code ... WARNING '::' or ':::' imports not declared from: ‘htmlwidgets’ ‘plyr’ There are ::: calls to the package's namespace in its code. A package almost never needs to use ::: for its own objects: ‘getCalibrationInfo’ ‘getPeakList’ ‘getPeaksInfo’ ‘getTimeInfo’ ‘processFileTemporalNominalMass’ ‘tofToMz’ * checking S3 generic/method consistency ... OK * checking replacement functions ... OK * checking foreign function calls ... OK * checking R code for possible problems ... OK * checking Rd files ... OK * checking Rd metadata ... OK * checking Rd cross-references ... NOTE Non-topic package-anchored link(s) in Rd file 'detectPeak.Rd': ‘[ptairMS]{ptrSet}’ See section 'Cross-references' in the 'Writing R Extensions' manual. * checking for missing documentation entries ... OK * checking for code/documentation mismatches ... OK * checking Rd \usage sections ... OK * checking Rd contents ... OK * checking for unstated dependencies in examples ... OK * checking line endings in C/C++/Fortran sources/headers ... OK * checking compiled code ... NOTE Note: information on .o files is not available * checking files in ‘vignettes’ ... OK * checking examples ... OK Examples with CPU (user + system) or elapsed time > 5s user system elapsed detectPeak 80.063 0.714 80.779 writeEset 15.920 0.142 16.062 imputeMat 14.625 0.149 14.774 alignSamples 13.952 0.328 14.290 impute 13.958 0.121 14.079 annotation 13.090 0.190 13.282 getPeakList 12.933 0.177 13.111 convert_to_mzML 10.959 0.345 11.302 plotRaw 10.986 0.085 11.071 plot 10.583 0.190 10.774 plotTIC 10.032 0.122 10.154 updatePtrSet 9.886 0.046 9.932 rmPeakList 9.832 0.074 9.905 setSampleMetadata 9.757 0.059 9.817 resetSampleMetadata 9.667 0.060 9.727 defineKnots 9.408 0.194 9.615 plotCalib 9.444 0.084 9.527 plotFeatures 9.150 0.029 9.179 getSampleMetadata 8.606 0.067 8.673 getDirectory 8.514 0.119 8.636 getFileNames 8.517 0.076 8.593 createPtrSet 8.084 0.097 8.190 changeTimeLimits 7.972 0.112 8.084 importSampleMetadata 7.779 0.073 7.854 exportSampleMetada 7.729 0.097 7.826 * checking for unstated dependencies in ‘tests’ ... OK * checking tests ... Running ‘testthat.R’ OK * checking for unstated dependencies in vignettes ... OK * checking package vignettes ... OK * checking re-building of vignette outputs ... OK * checking PDF version of manual ... OK * DONE Status: 2 WARNINGs, 2 NOTEs See ‘/home/biocbuild/bbs-3.21-bioc/meat/ptairMS.Rcheck/00check.log’ for details.