############################################################################## ############################################################################## ### ### Running command: ### ### chmod a+r ontoProc -R && E:\biocbuild\bbs-3.21-bioc\R\bin\R.exe CMD build --keep-empty-dirs --no-resave-data ontoProc ### ############################################################################## ############################################################################## * checking for file 'ontoProc/DESCRIPTION' ... OK * preparing 'ontoProc': * checking DESCRIPTION meta-information ... OK * installing the package to build vignettes * creating vignettes ... ERROR --- re-building 'ontoProc.Rmd' using rmarkdown EnvironmentLocationNotFound: Not a conda environment: C:\Users\biocbuild\.basilisk\1.19.1\ontoProc\2.1.4\bsklenv Quitting from lines 52-55 [lkbr] (ontoProc.Rmd) Error: processing vignette 'ontoProc.Rmd' failed with diagnostics: object 'listener' not found --- failed re-building 'ontoProc.Rmd' --- re-building 'owlents.Rmd' using rmarkdown EnvironmentLocationNotFound: Not a conda environment: C:\Users\biocbuild\.basilisk\1.19.1\ontoProc\2.1.4\bsklenv Quitting from lines 34-38 [getcl] (owlents.Rmd) Error: processing vignette 'owlents.Rmd' failed with diagnostics: object 'listener' not found --- failed re-building 'owlents.Rmd' SUMMARY: processing the following files failed: 'ontoProc.Rmd' 'owlents.Rmd' Error: Vignette re-building failed. Execution halted