############################################################################## ############################################################################## ### ### Running command: ### ### /home/biocbuild/bbs-3.21-bioc/R/bin/R CMD build --keep-empty-dirs --no-resave-data flowClust ### ############################################################################## ############################################################################## * checking for file ‘flowClust/DESCRIPTION’ ... OK * preparing ‘flowClust’: * checking DESCRIPTION meta-information ... OK * cleaning src * running ‘cleanup’ * installing the package to build vignettes * creating vignettes ... ERROR --- re-building ‘flowClust.Rmd’ using rmarkdown Quitting from lines 249-267 [prior] (flowClust.Rmd) Error: processing vignette 'flowClust.Rmd' failed with diagnostics: there is no package called 'flowStats' --- failed re-building ‘flowClust.Rmd’ SUMMARY: processing the following file failed: ‘flowClust.Rmd’ Error: Vignette re-building failed. Execution halted