############################################################################## ############################################################################## ### ### Running command: ### ### /home/biocbuild/R/R/bin/R CMD build --keep-empty-dirs --no-resave-data BiocSklearn ### ############################################################################## ############################################################################## * checking for file ‘BiocSklearn/DESCRIPTION’ ... OK * preparing ‘BiocSklearn’: * checking DESCRIPTION meta-information ... OK * installing the package to build vignettes * creating vignettes ... ERROR --- re-building ‘BiocSklearn.Rmd’ using rmarkdown Warning in close.connection(con) : Problem closing connection: No space left on device Warning in close.connection(con) : Problem closing connection: No space left on device Error: processing vignette 'BiocSklearn.Rmd' failed with diagnostics: Error writing to connection: No space left on device --- failed re-building ‘BiocSklearn.Rmd’ SUMMARY: processing the following file failed: ‘BiocSklearn.Rmd’ Error: Vignette re-building failed. Execution halted