############################################################################## ############################################################################## ### ### Running command: ### ### /home/biocbuild/bbs-3.21-bioc/R/bin/R CMD build --keep-empty-dirs --no-resave-data BiocHail ### ############################################################################## ############################################################################## * checking for file ‘BiocHail/DESCRIPTION’ ... OK * preparing ‘BiocHail’: * checking DESCRIPTION meta-information ... OK * installing the package to build vignettes * creating vignettes ... ERROR --- re-building ‘gwas_tut.Rmd’ using rmarkdown --- finished re-building ‘gwas_tut.Rmd’ --- re-building ‘large_t2t.Rmd’ using rmarkdown Quitting from lines 69-79 [do17] (large_t2t.Rmd) Error: processing vignette 'large_t2t.Rmd' failed with diagnostics: ImportError: /usr/lib/x86_64-linux-gnu/libcrypto.so.3: version `OPENSSL_3.3.0' not found (required by /home/biocbuild/.cache/R/basilisk/1.19.1/BiocHail/1.7.1/bsklenv/lib/python3.12/lib-dynload/_ssl.cpython-312-x86_64-linux-gnu.so) Run `reticulate::py_last_error()` for details. --- failed re-building ‘large_t2t.Rmd’ --- re-building ‘ukbb.Rmd’ using rmarkdown --- finished re-building ‘ukbb.Rmd’ SUMMARY: processing the following file failed: ‘large_t2t.Rmd’ Error: Vignette re-building failed. Execution halted