############################################################################## ############################################################################## ### ### Running command: ### ### /home/rapidbuild/bbs-3.21-bioc-rapid/R/bin/R CMD check --install=check:SPIA.install-out.txt --library=/home/rapidbuild/bbs-3.21-bioc-rapid/R/site-library --timings SPIA_2.59.2.tar.gz ### ############################################################################## ############################################################################## * using log directory ‘/media/volume/teran2_disk/rapidbuild/bbs-3.21-bioc-rapid/meat/SPIA.Rcheck’ * using R Under development (unstable) (2025-01-20 r87609) * using platform: x86_64-pc-linux-gnu * R was compiled by gcc (Ubuntu 13.3.0-6ubuntu2~24.04) 13.3.0 GNU Fortran (Ubuntu 13.3.0-6ubuntu2~24.04) 13.3.0 * running under: Ubuntu 24.04.1 LTS * using session charset: UTF-8 * checking for file ‘SPIA/DESCRIPTION’ ... OK * this is package ‘SPIA’ version ‘2.59.2’ * checking package namespace information ... OK * checking package dependencies ... OK * checking if this is a source package ... OK * checking if there is a namespace ... OK * checking for hidden files and directories ... OK * checking for portable file names ... OK * checking for sufficient/correct file permissions ... OK * checking whether package ‘SPIA’ can be installed ... ERROR Installation failed. See ‘/media/volume/teran2_disk/rapidbuild/bbs-3.21-bioc-rapid/meat/SPIA.Rcheck/00install.out’ for details. * DONE Status: 1 ERROR See ‘/media/volume/teran2_disk/rapidbuild/bbs-3.21-bioc-rapid/meat/SPIA.Rcheck/00check.log’ for details.