############################################################################## ############################################################################## ### ### Running command: ### ### /Library/Frameworks/R.framework/Resources/bin/R CMD build --keep-empty-dirs --no-resave-data scry ### ############################################################################## ############################################################################## * checking for file ‘scry/DESCRIPTION’ ... OK * preparing ‘scry’: * checking DESCRIPTION meta-information ... OK * installing the package to build vignettes * creating vignettes ... ERROR --- re-building ‘bigdata.Rmd’ using knitr --- finished re-building ‘bigdata.Rmd’ --- re-building ‘scry.Rmd’ using knitr Quitting from lines 59-65 [unnamed-chunk-5] (scry.Rmd) Error: processing vignette 'scry.Rmd' failed with diagnostics: Problem while computing aesthetics. ℹ Error occurred in the 1st layer. Caused by error: ! object 'phenoid' not found --- failed re-building ‘scry.Rmd’ SUMMARY: processing the following file failed: ‘scry.Rmd’ Error: Vignette re-building failed. Execution halted