############################################################################## ############################################################################## ### ### Running command: ### ### /Library/Frameworks/R.framework/Resources/bin/R CMD build --keep-empty-dirs --no-resave-data sSNAPPY ### ############################################################################## ############################################################################## * checking for file ‘sSNAPPY/DESCRIPTION’ ... OK * preparing ‘sSNAPPY’: * checking DESCRIPTION meta-information ... OK * installing the package to build vignettes * creating vignettes ... ERROR --- re-building ‘sSNAPPY.Rmd’ using rmarkdown 2024-11-19 18:52:19.398 R[19015:456034562] XType: com.apple.fonts is not accessible. 2024-11-19 18:52:19.399 R[19015:456034562] XType: XTFontStaticRegistry is enabled. Quitting from lines 422-436 [unnamed-chunk-8] (sSNAPPY.Rmd) Error: processing vignette 'sSNAPPY.Rmd' failed with diagnostics: Problem while converting geom to grob. ℹ Error occurred in the 3rd layer. Caused by error: ! vector memory limit of 96.0 Gb reached, see mem.maxVSize() --- failed re-building ‘sSNAPPY.Rmd’ SUMMARY: processing the following file failed: ‘sSNAPPY.Rmd’ Error: Vignette re-building failed. Execution halted