############################################################################## ############################################################################## ### ### Running command: ### ### /home/biocbuild/bbs-3.20-bioc/R/bin/R CMD build --keep-empty-dirs --no-resave-data --md5 fgsea ### ############################################################################## ############################################################################## * checking for file ‘fgsea/DESCRIPTION’ ... OK * preparing ‘fgsea’: * checking DESCRIPTION meta-information ... OK * cleaning src * installing the package to build vignettes * creating vignettes ... ERROR --- re-building ‘fgsea-tutorial.Rmd’ using rmarkdown --- finished re-building ‘fgsea-tutorial.Rmd’ --- re-building ‘geseca-tutorial.Rmd’ using rmarkdown Quitting from geseca-tutorial.Rmd:90-113 [unnamed-chunk-4] ~~~~~~~~~~~~~~~~~~~~~~~~~~~~~~~~~~~~~~~~~~~~~~~~~~~~~~~~~~~~~~~~~~~~~~~~~~~~~~~~ Error in `open.connection()`: ! cannot open the connection --- Backtrace: ▆ 1. └─GEOquery::getGEO("GSE200250", AnnotGPL = TRUE) 2. └─GEOquery:::getAndParseGSEMatrices(...) 3. └─GEOquery:::getDirListing(sprintf(gdsurl, stub, GEO)) 4. ├─xml2::read_html(url) 5. └─xml2:::read_html.default(url) 6. ├─base::suppressWarnings(...) 7. │ └─base::withCallingHandlers(...) 8. ├─xml2::read_xml(x, encoding = encoding, ..., as_html = TRUE, options = options) 9. └─xml2:::read_xml.character(...) 10. └─xml2:::read_xml.connection(...) 11. ├─base::open(x, "rb") 12. └─base::open.connection(x, "rb") ~~~~~~~~~~~~~~~~~~~~~~~~~~~~~~~~~~~~~~~~~~~~~~~~~~~~~~~~~~~~~~~~~~~~~~~~~~~~~~~~ Error: processing vignette 'geseca-tutorial.Rmd' failed with diagnostics: cannot open the connection --- failed re-building ‘geseca-tutorial.Rmd’ SUMMARY: processing the following file failed: ‘geseca-tutorial.Rmd’ Error: Vignette re-building failed. Execution halted