############################################################################## ############################################################################## ### ### Running command: ### ### /Library/Frameworks/R.framework/Resources/bin/R CMD build --keep-empty-dirs --no-resave-data fgsea ### ############################################################################## ############################################################################## * checking for file ‘fgsea/DESCRIPTION’ ... OK * preparing ‘fgsea’: * checking DESCRIPTION meta-information ... OK * cleaning src * installing the package to build vignettes * creating vignettes ... ERROR --- re-building ‘fgsea-tutorial.Rmd’ using rmarkdown 2025-01-30 23:39:37.899 R[1104:175050262] XType: Using static font registry. --- finished re-building ‘fgsea-tutorial.Rmd’ --- re-building ‘geseca-tutorial.Rmd’ using rmarkdown Quitting from lines 91-113 [unnamed-chunk-4] (geseca-tutorial.Rmd) Error: processing vignette 'geseca-tutorial.Rmd' failed with diagnostics: 'names' attribute [6300435632] must be the same length as the vector [3] --- failed re-building ‘geseca-tutorial.Rmd’ SUMMARY: processing the following file failed: ‘geseca-tutorial.Rmd’ Error: Vignette re-building failed. Execution halted