############################################################################## ############################################################################## ### ### Running command: ### ### /Library/Frameworks/R.framework/Resources/bin/R CMD build --keep-empty-dirs --no-resave-data fastseg ### ############################################################################## ############################################################################## * checking for file ‘fastseg/DESCRIPTION’ ... OK * preparing ‘fastseg’: * checking DESCRIPTION meta-information ... OK * cleaning src * installing the package to build vignettes * creating vignettes ... ERROR --- re-building ‘fastseg.Rmd’ using rmarkdown Quitting from fastseg.Rmd:126-141 [unnamed-chunk-4] ~~~~~~~~~~~~~~~~~~~~~~~~~~~~~~~~~~~~~~~~~~~~~~~~~~~~~~~~~~~~~~~~~~~~~~~~~~~~~~~~ Error in `library()`: ! there is no package called 'oligo' --- Backtrace: ▆ 1. └─base::library(oligo) ~~~~~~~~~~~~~~~~~~~~~~~~~~~~~~~~~~~~~~~~~~~~~~~~~~~~~~~~~~~~~~~~~~~~~~~~~~~~~~~~ Error: processing vignette 'fastseg.Rmd' failed with diagnostics: there is no package called 'oligo' --- failed re-building ‘fastseg.Rmd’ SUMMARY: processing the following file failed: ‘fastseg.Rmd’ Error: Vignette re-building failed. Execution halted