############################################################################## ############################################################################## ### ### Running command: ### ### /Library/Frameworks/R.framework/Resources/bin/R CMD build --keep-empty-dirs --no-resave-data Moonlight2R ### ############################################################################## ############################################################################## * checking for file ‘Moonlight2R/DESCRIPTION’ ... OK * preparing ‘Moonlight2R’: * checking DESCRIPTION meta-information ... OK * installing the package to build vignettes * creating vignettes ... ERROR --- re-building ‘Moonlight2R.Rmd’ using rmarkdown Quitting from Moonlight2R.Rmd:598-600 [unnamed-chunk-11] ~~~~~~~~~~~~~~~~~~~~~~~~~~~~~~~~~~~~~~~~~~~~~~~~~~~~~~~~~~~~~~~~~~~~~~~~~~~~~~~~ NULL ~~~~~~~~~~~~~~~~~~~~~~~~~~~~~~~~~~~~~~~~~~~~~~~~~~~~~~~~~~~~~~~~~~~~~~~~~~~~~~~~ Error: processing vignette 'Moonlight2R.Rmd' failed with diagnostics: HTTP 404 Not Found. --- failed re-building ‘Moonlight2R.Rmd’ SUMMARY: processing the following file failed: ‘Moonlight2R.Rmd’ Error: Vignette re-building failed. Execution halted