############################################################################## ############################################################################## ### ### Running command: ### ### /home/biocbuild/bbs-3.20-bioc/R/bin/R CMD check --install=check:MesKit.install-out.txt --library=/home/biocbuild/bbs-3.20-bioc/R/site-library --timings MesKit_1.16.0.tar.gz ### ############################################################################## ############################################################################## * using log directory ‘/home/biocbuild/bbs-3.20-bioc/meat/MesKit.Rcheck’ * using R version 4.4.2 (2024-10-31) * using platform: x86_64-pc-linux-gnu * R was compiled by gcc (Ubuntu 13.2.0-23ubuntu4) 13.2.0 GNU Fortran (Ubuntu 13.2.0-23ubuntu4) 13.2.0 * running under: Ubuntu 24.04.1 LTS * using session charset: UTF-8 * checking for file ‘MesKit/DESCRIPTION’ ... OK * checking extension type ... Package * this is package ‘MesKit’ version ‘1.16.0’ * package encoding: UTF-8 * checking package namespace information ... OK * checking package dependencies ... OK * checking if this is a source package ... OK * checking if there is a namespace ... OK * checking for hidden files and directories ... OK * checking for portable file names ... OK * checking for sufficient/correct file permissions ... OK * checking whether package ‘MesKit’ can be installed ... WARNING Found the following significant warnings: Warning: replacing previous import ‘ape::degree’ by ‘circlize::degree’ when loading ‘MesKit’ Warning: replacing previous import ‘ape::where’ by ‘dplyr::where’ when loading ‘MesKit’ See ‘/home/biocbuild/bbs-3.20-bioc/meat/MesKit.Rcheck/00install.out’ for details. * checking installed package size ... NOTE installed size is 6.0Mb sub-directories of 1Mb or more: extdata 4.9Mb * checking package directory ... OK * checking ‘build’ directory ... OK * checking DESCRIPTION meta-information ... OK * checking top-level files ... NOTE File LICENSE is not mentioned in the DESCRIPTION file. * checking for left-over files ... OK * checking index information ... OK * checking package subdirectories ... OK * checking code files for non-ASCII characters ... OK * checking R files for syntax errors ... OK * checking whether the package can be loaded ... OK * checking whether the package can be loaded with stated dependencies ... OK * checking whether the package can be unloaded cleanly ... OK * checking whether the namespace can be loaded with stated dependencies ... OK * checking whether the namespace can be unloaded cleanly ... OK * checking loading without being on the library search path ... OK * checking dependencies in R code ... OK * checking S3 generic/method consistency ... OK * checking replacement functions ... OK * checking foreign function calls ... OK * checking R code for possible problems ... NOTE calJSI : processJSI: no visible binding for global variable ‘CCF’ cna2gene: no visible global function definition for ‘genes’ cna2gene: no visible binding for global variable ‘org.Hs.eg.db’ cna2gene: no visible binding for global variable ‘seqnames’ cna2gene: no visible binding for global variable ‘Chromosome’ cna2gene: no visible binding for global variable ‘Hugo_Symbol’ cna2gene: no visible binding for global variable ‘Start_Position’ cna2gene: no visible binding for global variable ‘End_Position’ cna2gene: no visible binding for global variable ‘i.End_Position’ cna2gene: no visible binding for global variable ‘i.Start_Position’ cna2gene: no visible binding for global variable ‘Patient_ID’ cna2gene: no visible binding for global variable ‘Tumor_Sample_Barcode’ cna2gene: no visible binding for global variable ‘seg_id’ cna2gene: no visible binding for global variable ‘overlap_width’ copyNumberFilter: no visible binding for global variable ‘Patient_ID’ drawVAFCombine: no visible binding for global variable ‘V’ drawVAFCombineVline: no visible binding for global variable ‘V’ fitSignatures : processFitSig: no visible binding for global variable ‘Branch’ fitSignatures : processFitSig: no visible binding for global variable ‘Original’ fitSignatures : processFitSig: no visible binding for global variable ‘Reconstructed’ mutCluster : processVafcluster_sample: no visible binding for global variable ‘cluster’ plotCNA: no visible binding for global variable ‘Cytoband’ plotCNA: no visible binding for global variable ‘Cytoband_pos’ plotCNA: no visible binding for global variable ‘gene_id’ plotCNA: no visible binding for global variable ‘gene_pos’ plotCNA: no visible binding for global variable ‘Hugo_Symbol’ plotTree: no visible binding for global variable ‘is.match’ plotTree: no visible binding for global variable ‘x’ plotTree: no visible binding for global variable ‘y’ plotTree: no visible binding for global variable ‘xend’ plotTree: no visible binding for global variable ‘yend’ Undefined global functions or variables: Branch CCF Chromosome Cytoband Cytoband_pos End_Position Hugo_Symbol Original Patient_ID Reconstructed Start_Position Tumor_Sample_Barcode V cluster gene_id gene_pos genes i.End_Position i.Start_Position is.match org.Hs.eg.db overlap_width seg_id seqnames x xend y yend * checking Rd files ... OK * checking Rd metadata ... OK * checking Rd cross-references ... OK * checking for missing documentation entries ... OK * checking for code/documentation mismatches ... OK * checking Rd \usage sections ... OK * checking Rd contents ... OK * checking for unstated dependencies in examples ... OK * checking files in ‘vignettes’ ... OK * checking examples ... OK Examples with CPU (user + system) or elapsed time > 5s user system elapsed cna2gene 18.203 0.411 18.465 calFst 14.208 0.256 14.429 getBootstrapValue 13.408 0.201 13.562 getPhyloTreeRef 12.770 0.077 12.798 getPhyloTreeTsbLabel 12.568 0.160 12.679 getBinaryMatrix 12.445 0.178 12.574 getTreeMethod 12.557 0.001 12.498 getTree 12.395 0.007 12.353 getBranchType 12.217 0.122 12.293 getPhyloTree 12.242 0.031 12.226 getPhyloTreePatient 12.176 0.062 12.190 getMutBranches 12.204 0.028 12.175 getCCFMatrix 12.129 0.007 12.080 mutHeatmap 11.615 0.119 11.662 plotMutSigProfile 10.969 0.094 11.028 calNeiDist 10.376 0.058 10.376 compareCCF 10.214 0.211 10.363 compareTree 9.654 0.028 9.638 calJSI 9.512 0.094 9.558 fitSignatures 8.715 0.091 8.768 ccfAUC 8.553 0.045 8.556 mutCluster 8.530 0.044 8.515 mutTrunkBranch 8.161 0.071 8.170 testNeutral 8.160 0.015 8.125 triMatrix 8.034 0.044 8.037 classifyMut 7.799 0.118 7.869 plotMutProfile 7.763 0.035 7.750 plotPhyloTree 7.655 0.065 7.657 mathScore 6.519 0.001 6.456 getSampleInfo 6.472 0.001 6.441 readMaf 6.417 0.042 6.367 getMafRef 6.422 0.018 6.407 getNonSyn_vc 6.432 0.001 6.403 subMaf 6.308 0.031 6.294 getMafData 6.282 0.001 6.251 getMafPatient 6.275 0.001 6.245 * checking for unstated dependencies in vignettes ... OK * checking package vignettes ... OK * checking re-building of vignette outputs ... OK * checking PDF version of manual ... OK * DONE Status: 1 WARNING, 3 NOTEs See ‘/home/biocbuild/bbs-3.20-bioc/meat/MesKit.Rcheck/00check.log’ for details.