############################################################################## ############################################################################## ### ### Running command: ### ### /Library/Frameworks/R.framework/Resources/bin/R CMD build --keep-empty-dirs --no-resave-data GSgalgoR ### ############################################################################## ############################################################################## * checking for file ‘GSgalgoR/DESCRIPTION’ ... OK * preparing ‘GSgalgoR’: * checking DESCRIPTION meta-information ... OK * installing the package to build vignettes * creating vignettes ... ERROR --- re-building ‘GSgalgoR.rmd’ using rmarkdown 2025-02-04 01:06:33.647 R[6421:185163218] XType: Using static font registry. --- finished re-building ‘GSgalgoR.rmd’ --- re-building ‘GSgalgoR_callbacks.rmd’ using rmarkdown Quitting from lines 238-252 [unnamed-chunk-11] (GSgalgoR_callbacks.rmd) Error: processing vignette 'GSgalgoR_callbacks.rmd' failed with diagnostics: NA in probability vector --- failed re-building ‘GSgalgoR_callbacks.rmd’ SUMMARY: processing the following file failed: ‘GSgalgoR_callbacks.rmd’ Error: Vignette re-building failed. Execution halted