############################################################################## ############################################################################## ### ### Running command: ### ### /home/biocbuild/bbs-3.20-bioc/R/bin/R CMD check --install=check:CatsCradle.install-out.txt --library=/home/biocbuild/bbs-3.20-bioc/R/site-library --timings CatsCradle_1.0.0.tar.gz ### ############################################################################## ############################################################################## * using log directory ‘/media/volume/teran2_disk/biocbuild/bbs-3.20-bioc/meat/CatsCradle.Rcheck’ * using R version 4.4.2 (2024-10-31) * using platform: x86_64-pc-linux-gnu * R was compiled by gcc (Ubuntu 13.2.0-23ubuntu4) 13.2.0 GNU Fortran (Ubuntu 13.2.0-23ubuntu4) 13.2.0 * running under: Ubuntu 24.04.1 LTS * using session charset: UTF-8 * checking for file ‘CatsCradle/DESCRIPTION’ ... OK * this is package ‘CatsCradle’ version ‘1.0.0’ * package encoding: UTF-8 * checking package namespace information ... OK * checking package dependencies ... OK * checking if this is a source package ... OK * checking if there is a namespace ... OK * checking for hidden files and directories ... OK * checking for portable file names ... OK * checking for sufficient/correct file permissions ... OK * checking whether package ‘CatsCradle’ can be installed ... OK * checking installed package size ... OK * checking package directory ... OK * checking ‘build’ directory ... OK * checking DESCRIPTION meta-information ... OK * checking top-level files ... OK * checking for left-over files ... OK * checking index information ... OK * checking package subdirectories ... OK * checking code files for non-ASCII characters ... OK * checking R files for syntax errors ... OK * checking whether the package can be loaded ... OK * checking whether the package can be loaded with stated dependencies ... OK * checking whether the package can be unloaded cleanly ... OK * checking whether the namespace can be loaded with stated dependencies ... OK * checking whether the namespace can be unloaded cleanly ... OK * checking loading without being on the library search path ... OK * checking dependencies in R code ... OK * checking S3 generic/method consistency ... OK * checking replacement functions ... OK * checking foreign function calls ... OK * checking R code for possible problems ... NOTE edgeLengthPlot: no visible binding for global variable ‘cellTypePair’ edgeLengthPlot: no visible binding for global variable ‘cutoff’ make.getExample : getExample: no visible binding for global variable ‘seuratGenes’ make.getExample : getExample: no visible binding for global variable ‘seuratCells’ make.getExample : getExample: no visible binding for global variable ‘xeniumCells’ make.getExample : getExample: no visible binding for global variable ‘moransI’ make.getExample : getExample: no visible binding for global variable ‘moransILigandReceptor’ make.getExample : getExample: no visible binding for global variable ‘humanLRN’ make.getExample : getExample: no visible binding for global variable ‘mouseLRN’ meanGeneClusterOnCellUMAP: no visible binding for global variable ‘UMAP_1’ meanGeneClusterOnCellUMAP: no visible binding for global variable ‘UMAP_2’ Undefined global functions or variables: UMAP_1 UMAP_2 cellTypePair cutoff humanLRN moransI moransILigandReceptor mouseLRN seuratCells seuratGenes xeniumCells * checking Rd files ... OK * checking Rd metadata ... OK * checking Rd cross-references ... OK * checking for missing documentation entries ... OK * checking for code/documentation mismatches ... OK * checking Rd \usage sections ... WARNING Undocumented arguments in Rd file 'getFeatureZScores.Rd' ‘features’ Documented arguments not in \usage in Rd file 'getFeatureZScores.Rd': ‘featurs’ Functions with \usage entries need to have the appropriate \alias entries, and all their arguments documented. The \usage entries must correspond to syntactically valid R code. See chapter ‘Writing R documentation files’ in the ‘Writing R Extensions’ manual. * checking Rd contents ... OK * checking for unstated dependencies in examples ... OK * checking contents of ‘data’ directory ... OK * checking data for non-ASCII characters ... OK * checking data for ASCII and uncompressed saves ... OK * checking files in ‘vignettes’ ... OK * checking examples ... OK Examples with CPU (user + system) or elapsed time > 5s user system elapsed computeNBHDVsCTObject 14.802 0.006 14.824 randomiseNodeIndices 12.745 0.083 12.837 getObjectSubsetClusteringPValue 10.924 0.108 11.043 aggregateGeneExpression 10.714 0.246 10.900 transposeObject 9.412 0.010 9.424 computeGraphEmbedding 7.957 0.000 7.962 predictAnnotation 7.303 0.023 7.331 predictAnnotationAllGenes 6.237 0.046 6.286 predictGeneAnnotationImpl 5.624 0.031 5.659 getAverageExpressionMatrix 5.273 0.002 5.278 geneSetsVsGeneClustersPValueMatrix 5.127 0.039 5.170 medianComplementPValue 5.094 0.040 5.138 getObjectSubsetClusteringStatistics 5.058 0.045 5.109 runGeometricClusteringTrials 5.027 0.039 5.076 * checking for unstated dependencies in vignettes ... OK * checking package vignettes ... OK * checking re-building of vignette outputs ... OK * checking PDF version of manual ... OK * DONE Status: 1 WARNING, 1 NOTE See ‘/media/volume/teran2_disk/biocbuild/bbs-3.20-bioc/meat/CatsCradle.Rcheck/00check.log’ for details.