############################################################################## ############################################################################## ### ### Running command: ### ### /home/biocbuild/R/R/bin/R CMD build --keep-empty-dirs --no-resave-data BgeeDB ### ############################################################################## ############################################################################## * checking for file ‘BgeeDB/DESCRIPTION’ ... OK * preparing ‘BgeeDB’: * checking DESCRIPTION meta-information ... OK * installing the package to build vignettes * creating vignettes ... ERROR --- re-building ‘BgeeDB_Manual.Rmd’ using rmarkdown Quitting from lines 49-50 [unnamed-chunk-3] (BgeeDB_Manual.Rmd) Error: processing vignette 'BgeeDB_Manual.Rmd' failed with diagnostics: line 6 did not have 21 elements --- failed re-building ‘BgeeDB_Manual.Rmd’ SUMMARY: processing the following file failed: ‘BgeeDB_Manual.Rmd’ Error: Vignette re-building failed. Execution halted