############################################################################## ############################################################################## ### ### Running command: ### ### chmod a+r zellkonverter -R && E:\biocbuild\bbs-3.19-bioc\R\bin\R.exe CMD build --keep-empty-dirs --no-resave-data zellkonverter ### ############################################################################## ############################################################################## * checking for file 'zellkonverter/DESCRIPTION' ... OK * preparing 'zellkonverter': * checking DESCRIPTION meta-information ... OK * installing the package to build vignettes * creating vignettes ... ERROR --- re-building 'zellkonverter.Rmd' using rmarkdown Quitting from lines 42-48 [read] (zellkonverter.Rmd) Error: processing vignette 'zellkonverter.Rmd' failed with diagnostics: ModuleNotFoundError: No module named 'anndata' Run `reticulate::py_last_error()` for details. --- failed re-building 'zellkonverter.Rmd' SUMMARY: processing the following file failed: 'zellkonverter.Rmd' Error: Vignette re-building failed. Execution halted