############################################################################## ############################################################################## ### ### Running command: ### ### /home/biocbuild/R/R-beta-2024-04-15_r86425/bin/R CMD build --keep-empty-dirs --no-resave-data smoothclust ### ############################################################################## ############################################################################## * checking for file ‘smoothclust/DESCRIPTION’ ... OK * preparing ‘smoothclust’: * checking DESCRIPTION meta-information ... OK * installing the package to build vignettes * creating vignettes ... ERROR --- re-building ‘smoothclust.Rmd’ using rmarkdown Quitting from lines at lines 58-66 [unnamed-chunk-3] (smoothclust.Rmd) Error: processing vignette 'smoothclust.Rmd' failed with diagnostics: "Visium_humanDLPFC" matches more than 1 ExperimentHub resource --- failed re-building ‘smoothclust.Rmd’ SUMMARY: processing the following file failed: ‘smoothclust.Rmd’ Error: Vignette re-building failed. Execution halted