############################################################################## ############################################################################## ### ### Running command: ### ### /Library/Frameworks/R.framework/Resources/bin/R CMD build --keep-empty-dirs --no-resave-data sevenbridges ### ############################################################################## ############################################################################## * checking for file ‘sevenbridges/DESCRIPTION’ ... OK * preparing ‘sevenbridges’: * checking DESCRIPTION meta-information ... OK * installing the package to build vignettes * creating vignettes ... ERROR --- re-building ‘api.Rmd’ using rmarkdown --- finished re-building ‘api.Rmd’ --- re-building ‘apps.Rmd’ using rmarkdown --- finished re-building ‘apps.Rmd’ --- re-building ‘bioc-workflow.Rmd’ using rmarkdown Error: processing vignette 'bioc-workflow.Rmd' failed with diagnostics: pandoc document conversion failed with error 10 --- failed re-building ‘bioc-workflow.Rmd’ --- re-building ‘cgc-datasets.Rmd’ using rmarkdown --- finished re-building ‘cgc-datasets.Rmd’ --- re-building ‘docker.Rmd’ using rmarkdown --- finished re-building ‘docker.Rmd’ --- re-building ‘rstudio.Rmd’ using rmarkdown --- finished re-building ‘rstudio.Rmd’ SUMMARY: processing the following file failed: ‘bioc-workflow.Rmd’ Error: Vignette re-building failed. Execution halted