############################################################################## ############################################################################## ### ### Running command: ### ### /Library/Frameworks/R.framework/Resources/bin/R CMD build --keep-empty-dirs --no-resave-data periodicDNA ### ############################################################################## ############################################################################## * checking for file ‘periodicDNA/DESCRIPTION’ ... OK * preparing ‘periodicDNA’: * checking DESCRIPTION meta-information ... OK * installing the package to build vignettes * creating vignettes ... ERROR --- re-building ‘periodicDNA.Rmd’ using rmarkdown 2024-10-17 06:21:44.758 R[16794:389770826] XType: Using static font registry. Warning: The vignette title specified in \VignetteIndexEntry{} is different from the title in the YAML metadata. The former is "Introduction to periodicDNA", and the latter is "periodicDNA". If that is intentional, you may set options(rmarkdown.html_vignette.check_title = FALSE) to suppress this check. Error: processing vignette 'periodicDNA.Rmd' failed with diagnostics: pandoc document conversion failed with error 10 --- failed re-building ‘periodicDNA.Rmd’ SUMMARY: processing the following file failed: ‘periodicDNA.Rmd’ Error: Vignette re-building failed. Execution halted