############################################################################## ############################################################################## ### ### Running command: ### ### /Library/Frameworks/R.framework/Resources/bin/R CMD check --install=check:immunotation.install-out.txt --library=/Library/Frameworks/R.framework/Resources/library --no-vignettes --timings immunotation_1.12.0.tar.gz ### ############################################################################## ############################################################################## * using log directory ‘/Users/biocbuild/bbs-3.19-bioc/meat/immunotation.Rcheck’ * using R version 4.4.1 (2024-06-14) * using platform: aarch64-apple-darwin20 * R was compiled by Apple clang version 14.0.0 (clang-1400.0.29.202) GNU Fortran (GCC) 12.2.0 * running under: macOS Ventura 13.6.6 * using session charset: UTF-8 * using option ‘--no-vignettes’ * checking for file ‘immunotation/DESCRIPTION’ ... OK * checking extension type ... Package * this is package ‘immunotation’ version ‘1.12.0’ * package encoding: UTF-8 * checking package namespace information ... OK * checking package dependencies ... OK * checking if this is a source package ... OK * checking if there is a namespace ... OK * checking for hidden files and directories ... OK * checking for portable file names ... OK * checking for sufficient/correct file permissions ... OK * checking whether package ‘immunotation’ can be installed ... OK * checking installed package size ... NOTE installed size is 6.2Mb sub-directories of 1Mb or more: R 3.9Mb extdata 2.2Mb * checking package directory ... OK * checking ‘build’ directory ... OK * checking DESCRIPTION meta-information ... OK * checking top-level files ... OK * checking for left-over files ... OK * checking index information ... OK * checking package subdirectories ... OK * checking code files for non-ASCII characters ... OK * checking R files for syntax errors ... OK * checking whether the package can be loaded ... OK * checking whether the package can be loaded with stated dependencies ... OK * checking whether the package can be unloaded cleanly ... OK * checking whether the namespace can be loaded with stated dependencies ... OK * checking whether the namespace can be unloaded cleanly ... OK * checking dependencies in R code ... OK * checking S3 generic/method consistency ... OK * checking replacement functions ... OK * checking foreign function calls ... OK * checking R code for possible problems ... OK * checking Rd files ... OK * checking Rd metadata ... OK * checking Rd cross-references ... OK * checking for missing documentation entries ... OK * checking for code/documentation mismatches ... OK * checking Rd \usage sections ... OK * checking Rd contents ... OK * checking for unstated dependencies in examples ... OK * checking files in ‘vignettes’ ... OK * checking examples ... ERROR Running examples in ‘immunotation-Ex.R’ failed The error most likely occurred in: > base::assign(".ptime", proc.time(), pos = "CheckExEnv") > ### Name: query_haplotype_frequencies > ### Title: Query haplotype frequencies > ### Aliases: query_haplotype_frequencies > > ### ** Examples > > # works only for one haplotype at a time > query_haplotype_frequencies(hla_selection = c("A*02:01", "B*", "C*"), + hla_region = "Europe") Error in getURL(url, read_method = "html") : 'getURL()' failed: URL: http://www.allelefrequencies.net/hla6003a.asp?hla_locus1=A*02:01&hla_locus2=B*&hla_locus3=C*&hla_locus4=DRB1_not&hla_locus5=DPA1_not&hla_locus6=DPB1_not&hla_locus7=DQA1_not&hla_locus8=DQB1_not&hla_population=&hla_country=&hla_dataset=&hla_region=Europe&hla_ethnic=&hla_study=&hla_order=order_1&hla_sample_size_pattern=&hla_sample_size=&hla_sample_year_pattern=equal&hla_sample_year=&hla_loci= error: HTTP error 500. Calls: query_haplotype_frequencies -> read_complete_freq_table -> getURL Execution halted * checking for unstated dependencies in ‘tests’ ... OK * checking tests ... Running ‘testthat.R’