############################################################################## ############################################################################## ### ### Running command: ### ### /Library/Frameworks/R.framework/Resources/bin/R CMD build --keep-empty-dirs --no-resave-data chromstaR ### ############################################################################## ############################################################################## * checking for file ‘chromstaR/DESCRIPTION’ ... OK * preparing ‘chromstaR’: * checking DESCRIPTION meta-information ... OK * cleaning src * installing the package to build vignettes * creating vignettes ... ERROR --- re-building ‘chromstaR.Rnw’ using knitr 2024-06-09 16:12:52.180 R[23795:26514213] XType: com.apple.fonts is not accessible. 2024-06-09 16:12:52.180 R[23795:26514213] XType: XTFontStaticRegistry is enabled. 2024-06-09 16:12:52.207 R[23798:26514228] XType: com.apple.fonts is not accessible. 2024-06-09 16:12:52.207 R[23798:26514228] XType: XTFontStaticRegistry is enabled. 2024-06-09 16:12:52.286 R[23796:26514220] XType: com.apple.fonts is not accessible. 2024-06-09 16:12:52.286 R[23796:26514220] XType: XTFontStaticRegistry is enabled. 2024-06-09 16:13:27.129 R[27339:26521320] XType: com.apple.fonts is not accessible. 2024-06-09 16:13:27.129 R[27339:26521320] XType: XTFontStaticRegistry is enabled. 2024-06-09 16:13:27.205 R[27341:26521357] XType: com.apple.fonts is not accessible. 2024-06-09 16:13:27.205 R[27341:26521357] XType: XTFontStaticRegistry is enabled. 2024-06-09 16:13:27.446 R[27342:26521358] XType: com.apple.fonts is not accessible. 2024-06-09 16:13:27.446 R[27342:26521358] XType: XTFontStaticRegistry is enabled. 2024-06-09 16:13:28.010 R[27340:26521354] XType: com.apple.fonts is not accessible. 2024-06-09 16:13:28.010 R[27340:26521354] XType: XTFontStaticRegistry is enabled. 2024-06-09 16:14:39.167 R[32575:26533007] XType: com.apple.fonts is not accessible. 2024-06-09 16:14:39.167 R[32575:26533007] XType: XTFontStaticRegistry is enabled. 2024-06-09 16:14:39.178 R[32573:26532992] XType: com.apple.fonts is not accessible. 2024-06-09 16:14:39.178 R[32573:26532992] XType: XTFontStaticRegistry is enabled. 2024-06-09 16:14:39.199 R[32574:26532999] XType: com.apple.fonts is not accessible. 2024-06-09 16:14:39.199 R[32574:26532999] XType: XTFontStaticRegistry is enabled. 2024-06-09 16:14:39.251 R[32576:26533008] XType: com.apple.fonts is not accessible. 2024-06-09 16:14:39.251 R[32576:26533008] XType: XTFontStaticRegistry is enabled. Error: processing vignette 'chromstaR.Rnw' failed with diagnostics: Running 'texi2dvi' on 'chromstaR.tex' failed. LaTeX errors: ! Package xcolor Error: Undefined color `fgcolor'. See the xcolor package documentation for explanation. Type H for immediate help. ... ! Emergency stop. ... l.70 ...}{rgb}{0.941, 0.941, 0.941}\color{fgcolor} \begin{kframe} ! ==> Fatal error occurred, no output PDF file produced! --- failed re-building ‘chromstaR.Rnw’ SUMMARY: processing the following file failed: ‘chromstaR.Rnw’ Error: Vignette re-building failed. Execution halted