############################################################################## ############################################################################## ### ### Running command: ### ### /home/biocbuild/bbs-3.19-bioc/R/bin/R CMD check --install=check:biodbHmdb.install-out.txt --library=/home/biocbuild/bbs-3.19-bioc/R/site-library --timings biodbHmdb_1.10.2.tar.gz ### ############################################################################## ############################################################################## * using log directory ‘/home/biocbuild/bbs-3.19-bioc/meat/biodbHmdb.Rcheck’ * using R version 4.4.1 (2024-06-14) * using platform: x86_64-pc-linux-gnu * R was compiled by gcc (Ubuntu 11.4.0-1ubuntu1~22.04) 11.4.0 GNU Fortran (Ubuntu 11.4.0-1ubuntu1~22.04) 11.4.0 * running under: Ubuntu 22.04.5 LTS * using session charset: UTF-8 * checking for file ‘biodbHmdb/DESCRIPTION’ ... OK * this is package ‘biodbHmdb’ version ‘1.10.2’ * package encoding: UTF-8 * checking package namespace information ... OK * checking package dependencies ... OK * checking if this is a source package ... OK * checking if there is a namespace ... OK * checking for hidden files and directories ... OK * checking for portable file names ... OK * checking for sufficient/correct file permissions ... OK * checking whether package ‘biodbHmdb’ can be installed ... OK * used C++ compiler: ‘g++ (Ubuntu 11.4.0-1ubuntu1~22.04) 11.4.0’ * checking installed package size ... OK * checking package directory ... OK * checking DESCRIPTION meta-information ... OK * checking top-level files ... OK * checking for left-over files ... OK * checking index information ... OK * checking package subdirectories ... OK * checking code files for non-ASCII characters ... OK * checking R files for syntax errors ... OK * checking whether the package can be loaded ... OK * checking whether the package can be loaded with stated dependencies ... OK * checking whether the package can be unloaded cleanly ... OK * checking whether the namespace can be loaded with stated dependencies ... OK * checking whether the namespace can be unloaded cleanly ... OK * checking loading without being on the library search path ... OK * checking dependencies in R code ... OK * checking S3 generic/method consistency ... OK * checking replacement functions ... OK * checking foreign function calls ... OK * checking R code for possible problems ... OK * checking Rd files ... OK * checking Rd metadata ... OK * checking Rd cross-references ... OK * checking for missing documentation entries ... OK * checking for code/documentation mismatches ... OK * checking Rd \usage sections ... OK * checking Rd contents ... OK * checking for unstated dependencies in examples ... OK * checking line endings in C/C++/Fortran sources/headers ... OK * checking compiled code ... NOTE Note: information on .o files is not available * checking files in ‘vignettes’ ... OK * checking examples ... ERROR Running examples in ‘biodbHmdb-Ex.R’ failed The error most likely occurred in: > base::assign(".ptime", proc.time(), pos = "CheckExEnv") > ### Name: hmdbToSqlite > ### Title: Convert HMDB Metabolites to a SQLite database. > ### Aliases: hmdbToSqlite > > ### ** Examples > > # Copy all HMDB entries into a new SQLite database: > biodbHmdb::hmdbToSqlite('myfile.sqlite') INFO [22:09:07.681] Loading definitions from package biodb version 1.12.0. INFO [22:09:07.825] Loading definitions from package biodbHmdb version 1.10.2. Loading required package: biodb INFO [22:09:07.925] Extract whole database of hmdb.metabolites. INFO [22:09:07.927] Extracting content of downloaded', ' HMDB metabolite database... Warning in normalizePath(zipfile) : path[1]="/home/biocbuild/.cache/R/biodb/hmdb.metabolites-9e094cf1e5980f9ac69d952373fb6d34/download.zip": No such file or directory Error in zip::unzip(zip.path, exdir = extract.dir) : zip error: Cannot open zip file `/home/biocbuild/.cache/R/biodb/hmdb.metabolites-9e094cf1e5980f9ac69d952373fb6d34/download.zip` for reading in file zip.c:137 Calls: ... -> -> -> Execution halted * checking for unstated dependencies in ‘tests’ ... OK * checking tests ... Running ‘testthat.R’ OK * checking for unstated dependencies in vignettes ... OK * checking package vignettes ... OK * checking re-building of vignette outputs ... OK * checking PDF version of manual ... OK * DONE Status: 1 ERROR, 1 NOTE See ‘/home/biocbuild/bbs-3.19-bioc/meat/biodbHmdb.Rcheck/00check.log’ for details.