############################################################################## ############################################################################## ### ### Running command: ### ### /home/biocbuild/R/R-beta-2024-04-15_r86425/bin/R CMD build --keep-empty-dirs --no-resave-data biodbChebi ### ############################################################################## ############################################################################## * checking for file ‘biodbChebi/DESCRIPTION’ ... OK * preparing ‘biodbChebi’: * checking DESCRIPTION meta-information ... OK * installing the package to build vignettes * creating vignettes ... ERROR --- re-building ‘biodbChebi.Rmd’ using rmarkdown Quitting from lines at lines 73-74 [unnamed-chunk-5] (biodbChebi.Rmd) Error: processing vignette 'biodbChebi.Rmd' failed with diagnostics: attempt to apply non-function --- failed re-building ‘biodbChebi.Rmd’ SUMMARY: processing the following file failed: ‘biodbChebi.Rmd’ Error: Vignette re-building failed. Execution halted