############################################################################## ############################################################################## ### ### Running command: ### ### chmod a+r annotatr -R && E:\biocbuild\bbs-3.19-bioc\R\bin\R.exe CMD build --keep-empty-dirs --no-resave-data annotatr ### ############################################################################## ############################################################################## * checking for file 'annotatr/DESCRIPTION' ... OK * preparing 'annotatr': * checking DESCRIPTION meta-information ... OK * installing the package to build vignettes * creating vignettes ... ERROR --- re-building 'annotatr-vignette.Rmd' using rmarkdown Quitting from lines 154-171 [unnamed-chunk-8] (annotatr-vignette.Rmd) Error: processing vignette 'annotatr-vignette.Rmd' failed with diagnostics: failed to load resource name: AH5086 title: CpG Islands reason: error in evaluating the argument 'x' in selecting a method for function 'get': bad restore file magic number (file may be corrupted) -- no data loaded --- failed re-building 'annotatr-vignette.Rmd' SUMMARY: processing the following file failed: 'annotatr-vignette.Rmd' Error: Vignette re-building failed. Execution halted