############################################################################## ############################################################################## ### ### Running command: ### ### /Library/Frameworks/R.framework/Resources/bin/R CMD build --keep-empty-dirs --no-resave-data RLSeq ### ############################################################################## ############################################################################## * checking for file ‘RLSeq/DESCRIPTION’ ... OK * preparing ‘RLSeq’: * checking DESCRIPTION meta-information ... OK * installing the package to build vignettes * creating vignettes ... ERROR --- re-building ‘RLSeq.Rmd’ using rmarkdown 2024-10-17 07:48:45.744 R[57882:390064306] XType: Using static font registry. Quitting from lines 193-195 [predictCondition] (RLSeq.Rmd) Error: processing vignette 'RLSeq.Rmd' failed with diagnostics: 'length = 2' in coercion to 'logical(1)' --- failed re-building ‘RLSeq.Rmd’ SUMMARY: processing the following file failed: ‘RLSeq.Rmd’ Error: Vignette re-building failed. Execution halted